CRAN Package Check Results for Package solrium

Last updated on 2022-01-26 05:54:31 CET.

Flavor Version Tinstall Tcheck Ttotal Status Flags
r-devel-linux-x86_64-debian-clang 1.2.0 9.50 80.95 90.45 OK
r-devel-linux-x86_64-debian-gcc 1.2.0 7.16 59.78 66.94 OK
r-devel-linux-x86_64-fedora-clang 1.2.0 102.63 NOTE
r-devel-linux-x86_64-fedora-gcc 1.2.0 93.27 OK
r-devel-windows-x86_64-new-UL 1.2.0 97.00 148.00 245.00 OK
r-devel-windows-x86_64-new-TK 1.2.0 OK
r-patched-linux-x86_64 1.2.0 8.88 73.09 81.97 OK
r-release-linux-x86_64 1.2.0 7.19 73.02 80.21 OK
r-release-macos-arm64 1.2.0 OK
r-release-macos-x86_64 1.2.0 OK
r-release-windows-ix86+x86_64 1.2.0 19.00 107.00 126.00 OK
r-oldrel-macos-x86_64 1.2.0 OK
r-oldrel-windows-ix86+x86_64 1.2.0 19.00 108.00 127.00 OK

Check Details

Version: 1.2.0
Check: Rd cross-references
Result: NOTE
    Undeclared package ‘XML’ in Rd xrefs
Flavor: r-devel-linux-x86_64-fedora-clang