CRAN Package Check Results for Package sorvi

Last updated on 2021-11-28 05:49:48 CET.

Flavor Version Tinstall Tcheck Ttotal Status Flags
r-devel-linux-x86_64-debian-clang 0.7.26 NOTE
r-devel-linux-x86_64-debian-gcc 0.7.26 4.74 49.99 54.73 NOTE
r-devel-linux-x86_64-fedora-clang 0.7.26 96.18 NOTE
r-devel-linux-x86_64-fedora-gcc 0.7.26 85.26 NOTE
r-devel-windows-x86_64-new-UL 0.7.26 13.00 128.00 141.00 NOTE
r-devel-windows-x86_64-new-TK 0.7.26 NOTE
r-devel-windows-x86_64-old 0.7.26 8.00 108.00 116.00 NOTE
r-patched-linux-x86_64 0.7.26 5.59 62.40 67.99 NOTE
r-patched-solaris-x86 0.7.26 113.10 NOTE
r-release-linux-x86_64 0.7.26 5.58 62.45 68.03 NOTE
r-release-macos-arm64 0.7.26 NOTE
r-release-macos-x86_64 0.7.26 NOTE
r-release-windows-ix86+x86_64 0.7.26 15.00 76.00 91.00 NOTE
r-oldrel-macos-x86_64 0.7.26 NOTE
r-oldrel-windows-ix86+x86_64 0.7.26 31.00 106.00 137.00 NOTE

Check Details

Version: 0.7.26
Check: R code for possible problems
Result: NOTE
    convert_municipality_names: no visible global function definition for
     'read.csv'
    regression_plot: no visible binding for global variable 'loess'
    regression_plot: no visible global function definition for
     'colorRampPalette'
    regression_plot: no visible global function definition for
     'loess.control'
    regression_plot: no visible global function definition for 'predict'
    regression_plot : <anonymous>: no visible global function definition
     for 'quantile'
    regression_plot : <anonymous>: no visible global function definition
     for 'pnorm'
    regression_plot: no visible global function definition for
     'flush.console'
    regression_plot: no visible global function definition for 'density'
    Undefined global functions or variables:
     colorRampPalette density flush.console loess loess.control pnorm
     predict quantile read.csv
    Consider adding
     importFrom("grDevices", "colorRampPalette")
     importFrom("stats", "density", "loess", "loess.control", "pnorm",
     "predict", "quantile")
     importFrom("utils", "flush.console", "read.csv")
    to your NAMESPACE file.
Flavors: r-devel-linux-x86_64-debian-clang, r-devel-linux-x86_64-debian-gcc, r-devel-linux-x86_64-fedora-clang, r-devel-linux-x86_64-fedora-gcc, r-devel-windows-x86_64-new-UL, r-devel-windows-x86_64-new-TK, r-devel-windows-x86_64-old, r-patched-linux-x86_64, r-patched-solaris-x86, r-release-linux-x86_64, r-release-macos-arm64, r-release-macos-x86_64, r-release-windows-ix86+x86_64, r-oldrel-macos-x86_64, r-oldrel-windows-ix86+x86_64