CRAN Package Check Results for Package spANOVA

Last updated on 2019-11-14 05:47:19 CET.

Flavor Version Tinstall Tcheck Ttotal Status Flags
r-devel-linux-x86_64-debian-clang 0.99.1 19.35 145.75 165.10 OK
r-devel-linux-x86_64-debian-gcc 0.99.1 14.57 113.44 128.01 OK
r-devel-linux-x86_64-fedora-clang 0.99.1 202.93 OK
r-devel-linux-x86_64-fedora-gcc 0.99.1 197.07 OK
r-devel-windows-ix86+x86_64 0.99.1 61.00 138.00 199.00 OK
r-patched-linux-x86_64 0.99.1 17.76 142.20 159.96 OK
r-patched-solaris-x86 0.99.1 313.70 OK
r-release-linux-x86_64 0.99.1 17.25 141.09 158.34 OK
r-release-windows-ix86+x86_64 0.99.1 32.00 201.00 233.00 OK
r-release-osx-x86_64 0.99.1 WARN
r-oldrel-windows-ix86+x86_64 0.99.1 24.00 209.00 233.00 OK
r-oldrel-osx-x86_64 0.99.1 WARN

Check Details

Version: 0.99.1
Check: dependencies in R code
Result: NOTE
    No protocol specified
    No protocol specified
Flavors: r-release-osx-x86_64, r-oldrel-osx-x86_64

Version: 0.99.1
Check: S3 generic/method consistency
Result: WARN
    No protocol specified
    No protocol specified
    See section ‘Generic functions and methods’ in the ‘Writing R
    Extensions’ manual.
Flavors: r-release-osx-x86_64, r-oldrel-osx-x86_64

Version: 0.99.1
Check: replacement functions
Result: WARN
    No protocol specified
    No protocol specified
    The argument of a replacement function which corresponds to the right
    hand side must be named ‘value’.
Flavors: r-release-osx-x86_64, r-oldrel-osx-x86_64

Version: 0.99.1
Check: foreign function calls
Result: NOTE
    No protocol specified
    No protocol specified
    See chapter ‘System and foreign language interfaces’ in the ‘Writing R
    Extensions’ manual.
Flavors: r-release-osx-x86_64, r-oldrel-osx-x86_64

Version: 0.99.1
Check: R code for possible problems
Result: NOTE
    No protocol specified
    No protocol specified
Flavors: r-release-osx-x86_64, r-oldrel-osx-x86_64

Version: 0.99.1
Check: for missing documentation entries
Result: WARN
    No protocol specified
    No protocol specified
    All user-level objects in a package should have documentation entries.
    See chapter ‘Writing R documentation files’ in the ‘Writing R
    Extensions’ manual.
Flavors: r-release-osx-x86_64, r-oldrel-osx-x86_64

Version: 0.99.1
Check: for code/documentation mismatches
Result: WARN
    No protocol specified
    No protocol specified
    No protocol specified
    No protocol specified
    No protocol specified
    No protocol specified
Flavors: r-release-osx-x86_64, r-oldrel-osx-x86_64

Version: 0.99.1
Check: Rd \usage sections
Result: NOTE
    No protocol specified
    No protocol specified
    The \usage entries for S3 methods should use the \method markup and not
    their full name.
    See chapter ‘Writing R documentation files’ in the ‘Writing R
    Extensions’ manual.
Flavors: r-release-osx-x86_64, r-oldrel-osx-x86_64