CRAN Package Check Results for Package spCP

Last updated on 2021-01-19 05:48:17 CET.

Flavor Version Tinstall Tcheck Ttotal Status Flags
r-devel-linux-x86_64-debian-clang 1.2 268.72 246.00 514.72 OK
r-devel-linux-x86_64-debian-gcc 1.2 171.33 181.69 353.02 OK
r-devel-linux-x86_64-fedora-clang 1.2 659.45 NOTE
r-devel-linux-x86_64-fedora-gcc 1.2 617.09 OK
r-devel-windows-ix86+x86_64 1.2 449.00 439.00 888.00 OK
r-patched-linux-x86_64 1.2 193.09 246.49 439.58 OK
r-patched-solaris-x86 1.2 829.30 OK
r-release-linux-x86_64 1.2 196.04 238.96 435.00 OK
r-release-macos-x86_64 1.2 NOTE
r-release-windows-ix86+x86_64 1.2 500.00 434.00 934.00 OK
r-oldrel-macos-x86_64 1.2 NOTE
r-oldrel-windows-ix86+x86_64 1.2 397.00 391.00 788.00 OK

Check Details

Version: 1.2
Check: installed package size
Result: NOTE
     installed size is 10.0Mb
     sub-directories of 1Mb or more:
     libs 9.3Mb
Flavors: r-devel-linux-x86_64-fedora-clang, r-release-macos-x86_64, r-oldrel-macos-x86_64