CRAN Package Check Results for Package spCP

Last updated on 2019-11-17 05:47:25 CET.

Flavor Version Tinstall Tcheck Ttotal Status Flags
r-devel-linux-x86_64-debian-clang 1.2 232.99 227.16 460.15 OK
r-devel-linux-x86_64-debian-gcc 1.2 172.75 189.17 361.92 OK
r-devel-linux-x86_64-fedora-clang 1.2 622.53 NOTE
r-devel-linux-x86_64-fedora-gcc 1.2 603.19 OK
r-devel-windows-ix86+x86_64 1.2 597.00 411.00 1008.00 OK
r-patched-linux-x86_64 1.2 184.33 218.36 402.69 OK
r-patched-solaris-x86 1.2 879.80 OK
r-release-linux-x86_64 1.2 185.68 216.69 402.37 OK
r-release-windows-ix86+x86_64 1.2 401.00 557.00 958.00 OK
r-release-osx-x86_64 1.2 NOTE
r-oldrel-windows-ix86+x86_64 1.2 351.00 556.00 907.00 OK
r-oldrel-osx-x86_64 1.2 NOTE

Check Details

Version: 1.2
Check: installed package size
Result: NOTE
     installed size is 9.3Mb
     sub-directories of 1Mb or more:
     libs 8.6Mb
Flavors: r-devel-linux-x86_64-fedora-clang, r-release-osx-x86_64, r-oldrel-osx-x86_64