CRAN Package Check Results for Package spCP

Last updated on 2019-07-16 05:48:33 CEST.

Flavor Version Tinstall Tcheck Ttotal Status Flags
r-devel-linux-x86_64-debian-clang 1.2 196.42 223.46 419.88 OK
r-devel-linux-x86_64-debian-gcc 1.2 169.29 187.28 356.57 OK
r-devel-linux-x86_64-fedora-clang 1.2 608.35 NOTE
r-devel-linux-x86_64-fedora-gcc 1.2 594.57 OK
r-devel-windows-ix86+x86_64 1.2 497.00 461.00 958.00 OK
r-patched-linux-x86_64 1.2 200.63 215.88 416.51 OK
r-patched-solaris-x86 1.2 867.40 OK
r-release-linux-x86_64 1.2 194.05 222.87 416.92 OK
r-release-windows-ix86+x86_64 1.2 352.00 548.00 900.00 OK
r-release-osx-x86_64 1.2 NOTE
r-oldrel-windows-ix86+x86_64 1.2 480.00 528.00 1008.00 OK
r-oldrel-osx-x86_64 1.2 NOTE

Check Details

Version: 1.2
Check: installed package size
Result: NOTE
     installed size is 8.6Mb
     sub-directories of 1Mb or more:
     libs 7.9Mb
Flavors: r-devel-linux-x86_64-fedora-clang, r-release-osx-x86_64, r-oldrel-osx-x86_64