CRAN Package Check Results for Package spDates

Last updated on 2021-06-20 05:48:40 CEST.

Flavor Version Tinstall Tcheck Ttotal Status Flags
r-devel-linux-x86_64-debian-clang 1.0 14.31 106.25 120.56 OK
r-devel-linux-x86_64-debian-gcc 1.0 10.62 79.63 90.25 OK
r-devel-linux-x86_64-fedora-clang 1.0 148.96 NOTE
r-devel-linux-x86_64-fedora-gcc 1.0 139.74 NOTE
r-devel-windows-x86_64 1.0 19.00 128.00 147.00 NOTE
r-devel-windows-x86_64-gcc10-UCRT 1.0 NOTE
r-patched-linux-x86_64 1.0 14.11 100.11 114.22 OK
r-patched-solaris-x86 1.0 215.20 NOTE
r-release-linux-x86_64 1.0 11.71 101.97 113.68 OK
r-release-macos-arm64 1.0 NOTE
r-release-macos-x86_64 1.0 NOTE
r-release-windows-ix86+x86_64 1.0 30.00 128.00 158.00 NOTE
r-oldrel-macos-x86_64 1.0 NOTE
r-oldrel-windows-ix86+x86_64 1.0 24.00 133.00 157.00 NOTE

Check Details

Version: 1.0
Check: installed package size
Result: NOTE
     installed size is 5.9Mb
     sub-directories of 1Mb or more:
     data 4.3Mb
     help 1.6Mb
Flavors: r-devel-linux-x86_64-fedora-clang, r-devel-windows-x86_64, r-patched-solaris-x86, r-release-macos-arm64, r-release-macos-x86_64, r-release-windows-ix86+x86_64, r-oldrel-macos-x86_64, r-oldrel-windows-ix86+x86_64

Version: 1.0
Check: data for non-ASCII characters
Result: NOTE
     Note: found 34 marked UTF-8 strings
Flavors: r-devel-linux-x86_64-fedora-clang, r-devel-linux-x86_64-fedora-gcc, r-patched-solaris-x86, r-release-macos-arm64, r-release-macos-x86_64, r-oldrel-macos-x86_64

Version: 1.0
Check: data for non-ASCII characters
Result: NOTE
     Note: found 34 marked Latin-1 strings
Flavor: r-devel-windows-x86_64-gcc10-UCRT