CRAN Package Check Results for Package spNNGP

Last updated on 2022-01-21 05:52:24 CET.

Flavor Version Tinstall Tcheck Ttotal Status Flags
r-devel-linux-x86_64-debian-clang 0.1.6 OK
r-devel-linux-x86_64-debian-gcc 0.1.6 11.56 38.82 50.38 OK
r-devel-linux-x86_64-fedora-clang 0.1.6 101.00 OK
r-devel-linux-x86_64-fedora-gcc 0.1.6 71.40 OK
r-devel-windows-x86_64-new-UL 0.1.6 43.00 94.00 137.00 OK
r-devel-windows-x86_64-new-TK 0.1.6 OK
r-patched-linux-x86_64 0.1.6 13.72 48.77 62.49 OK
r-release-linux-x86_64 0.1.6 14.59 51.31 65.90 OK
r-release-macos-arm64 0.1.6 OK
r-release-macos-x86_64 0.1.6 OK
r-release-windows-ix86+x86_64 0.1.6 44.00 86.00 130.00 NOTE
r-oldrel-macos-x86_64 0.1.6 OK
r-oldrel-windows-ix86+x86_64 0.1.6 43.00 86.00 129.00 NOTE

Check Details

Version: 0.1.6
Check: installed package size
Result: NOTE
     installed size is 5.4Mb
     sub-directories of 1Mb or more:
     data 3.0Mb
     libs 2.1Mb
Flavors: r-release-windows-ix86+x86_64, r-oldrel-windows-ix86+x86_64