CRAN Package Check Results for Package spant

Last updated on 2021-09-27 05:51:38 CEST.

Flavor Version Tinstall Tcheck Ttotal Status Flags
r-devel-linux-x86_64-debian-clang 1.14.0 21.58 233.04 254.62 OK
r-devel-linux-x86_64-debian-gcc 1.14.0 14.70 183.64 198.34 OK
r-devel-linux-x86_64-fedora-clang 1.14.0 319.82 NOTE
r-devel-linux-x86_64-fedora-gcc 1.14.0 307.54 NOTE
r-devel-windows-x86_64 1.14.0 21.00 242.00 263.00 OK
r-devel-windows-x86_64-gcc10-UCRT 1.14.0 NOTE
r-patched-linux-x86_64 1.14.0 23.06 241.55 264.61 OK
r-patched-solaris-x86 1.14.0 590.10 NOTE
r-release-linux-x86_64 1.14.0 18.94 244.33 263.27 OK
r-release-macos-arm64 1.14.0 NOTE
r-release-macos-x86_64 1.14.0 NOTE
r-release-windows-ix86+x86_64 1.14.0 41.00 287.00 328.00 OK
r-oldrel-macos-x86_64 1.14.0 NOTE
r-oldrel-windows-ix86+x86_64 1.14.0 30.00 301.00 331.00 OK

Check Details

Version: 1.14.0
Check: package dependencies
Result: NOTE
    Imports includes 24 non-default packages.
    Importing from so many packages makes the package vulnerable to any of
    them becoming unavailable. Move as many as possible to Suggests and
    use conditionally.
Flavor: r-devel-linux-x86_64-fedora-clang

Version: 1.14.0
Check: dependencies in R code
Result: NOTE
    Namespace in Imports field not imported from: ‘foreach’
     All declared Imports should be used.
Flavors: r-devel-linux-x86_64-fedora-clang, r-devel-linux-x86_64-fedora-gcc, r-devel-windows-x86_64-gcc10-UCRT, r-patched-solaris-x86, r-release-macos-arm64, r-release-macos-x86_64, r-oldrel-macos-x86_64