CRAN Package Check Results for Package sparklyr

Last updated on 2019-12-07 05:47:49 CET.

Flavor Version Tinstall Tcheck Ttotal Status Flags
r-devel-linux-x86_64-debian-clang 1.0.5 28.70 132.75 161.45 OK
r-devel-linux-x86_64-debian-gcc 1.0.5 21.57 99.48 121.05 OK
r-devel-linux-x86_64-fedora-clang 1.0.5 181.44 OK
r-devel-linux-x86_64-fedora-gcc 1.0.5 184.57 OK
r-devel-windows-ix86+x86_64 1.0.5 41.00 197.00 238.00 OK
r-devel-windows-ix86+x86_64-gcc8 1.0.5 48.00 205.00 253.00 OK
r-patched-linux-x86_64 1.0.5 22.93 118.92 141.85 OK
r-patched-solaris-x86 1.0.5 210.00 NOTE
r-release-linux-x86_64 1.0.5 24.84 122.60 147.44 OK
r-release-windows-ix86+x86_64 1.0.5 36.00 127.00 163.00 OK
r-release-osx-x86_64 1.0.5 OK
r-oldrel-windows-ix86+x86_64 1.0.5 27.00 185.00 212.00 OK
r-oldrel-osx-x86_64 1.0.5 OK

Check Details

Version: 1.0.5
Check: installed package size
Result: NOTE
     installed size is 5.0Mb
     sub-directories of 1Mb or more:
     R 1.4Mb
     java 2.5Mb
Flavor: r-patched-solaris-x86