CRAN Package Check Results for Package spatsurv

Last updated on 2021-12-06 05:53:24 CET.

Flavor Version Tinstall Tcheck Ttotal Status Flags
r-devel-linux-x86_64-debian-clang 1.6 51.04 446.12 497.16 OK
r-devel-linux-x86_64-debian-gcc 1.6 43.83 329.62 373.45 OK
r-devel-linux-x86_64-fedora-clang 1.6 593.20 NOTE
r-devel-linux-x86_64-fedora-gcc 1.6 577.30 NOTE
r-devel-windows-x86_64-new-UL 1.6 85.00 460.00 545.00 OK
r-devel-windows-x86_64-new-TK 1.6 NOTE
r-devel-windows-x86_64-old 1.6 73.00 331.00 404.00 OK
r-patched-linux-x86_64 1.6 45.81 421.52 467.33 OK
r-release-linux-x86_64 1.6 36.25 424.11 460.36 OK
r-release-macos-arm64 1.6 OK
r-release-macos-x86_64 1.6 NOTE
r-release-windows-ix86+x86_64 1.6 102.00 458.00 560.00 OK
r-oldrel-macos-x86_64 1.6 NOTE
r-oldrel-windows-ix86+x86_64 1.6 105.00 479.00 584.00 OK

Check Details

Version: 1.6
Check: dependencies in R code
Result: NOTE
    Namespace in Imports field not imported from: ‘spatstat’
     All declared Imports should be used.
Flavors: r-devel-linux-x86_64-fedora-clang, r-devel-linux-x86_64-fedora-gcc, r-devel-windows-x86_64-new-TK, r-release-macos-x86_64, r-oldrel-macos-x86_64