CRAN Package Check Results for Package spcr

Last updated on 2022-01-21 05:52:24 CET.

Flavor Version Tinstall Tcheck Ttotal Status Flags
r-devel-linux-x86_64-debian-clang 2.1 OK
r-devel-linux-x86_64-debian-gcc 2.1 3.55 37.15 40.70 OK
r-devel-linux-x86_64-fedora-clang 2.1 65.45 NOTE
r-devel-linux-x86_64-fedora-gcc 2.1 54.90 NOTE
r-devel-windows-x86_64-new-UL 2.1 23.00 66.00 89.00 OK
r-devel-windows-x86_64-new-TK 2.1 OK
r-patched-linux-x86_64 2.1 4.32 49.10 53.42 OK
r-release-linux-x86_64 2.1 4.58 47.53 52.11 OK
r-release-macos-arm64 2.1 OK
r-release-macos-x86_64 2.1 OK
r-release-windows-ix86+x86_64 2.1 12.00 76.00 88.00 OK
r-oldrel-macos-x86_64 2.1 OK
r-oldrel-windows-ix86+x86_64 2.1 8.00 56.00 64.00 OK

Check Details

Version: 2.1
Check: compiled code
Result: NOTE
    File ‘spcr/libs/spcr.so’:
     Found no calls to: ‘R_registerRoutines’, ‘R_useDynamicSymbols’
    
    It is good practice to register native routines and to disable symbol
    search.
    
    See ‘Writing portable packages’ in the ‘Writing R Extensions’ manual.
Flavors: r-devel-linux-x86_64-fedora-clang, r-devel-linux-x86_64-fedora-gcc