CRAN Package Check Results for Package specmine

Last updated on 2021-09-27 05:51:38 CEST.

Flavor Version Tinstall Tcheck Ttotal Status Flags
r-devel-linux-x86_64-debian-clang 3.1.6 89.30 242.11 331.41 NOTE
r-devel-linux-x86_64-debian-gcc 3.1.6 83.66 180.96 264.62 NOTE
r-devel-linux-x86_64-fedora-clang 3.1.6 421.76 NOTE
r-devel-linux-x86_64-fedora-gcc 3.1.6 418.04 NOTE
r-devel-windows-x86_64 3.1.6 139.00 317.00 456.00 NOTE
r-devel-windows-x86_64-gcc10-UCRT 3.1.6 NOTE
r-patched-linux-x86_64 3.1.6 87.10 226.81 313.91 NOTE
r-release-linux-x86_64 3.1.6 90.73 230.14 320.87 NOTE
r-release-macos-arm64 3.1.5 NOTE
r-release-macos-x86_64 3.1.6 NOTE
r-release-windows-ix86+x86_64 3.1.6 111.00 230.00 341.00 NOTE
r-oldrel-macos-x86_64 3.1.6 NOTE
r-oldrel-windows-ix86+x86_64 3.1.5 113.00 233.00 346.00 NOTE

Check Details

Version: 3.1.6
Check: package dependencies
Result: NOTE
    Package suggested but not available for checking: 'rcytoscapejs'
Flavors: r-devel-linux-x86_64-debian-clang, r-devel-linux-x86_64-debian-gcc, r-devel-linux-x86_64-fedora-gcc, r-devel-windows-x86_64, r-devel-windows-x86_64-gcc10-UCRT, r-patched-linux-x86_64, r-release-linux-x86_64, r-release-windows-ix86+x86_64

Version: 3.1.6
Check: package dependencies
Result: NOTE
    Package suggested but not available for checking: ‘rcytoscapejs’
    
    Imports includes 21 non-default packages.
    Importing from so many packages makes the package vulnerable to any of
    them becoming unavailable. Move as many as possible to Suggests and
    use conditionally.
Flavor: r-devel-linux-x86_64-fedora-clang

Version: 3.1.6
Check: dependencies in R code
Result: NOTE
    Namespaces in Imports field not imported from:
     ‘e1071’ ‘specmine.datasets’
     All declared Imports should be used.
Flavors: r-devel-linux-x86_64-fedora-clang, r-devel-linux-x86_64-fedora-gcc, r-devel-windows-x86_64-gcc10-UCRT, r-release-macos-x86_64, r-oldrel-macos-x86_64

Version: 3.1.6
Check: Rd cross-references
Result: NOTE
    Undeclared package ‘hyperSpec’ in Rd xrefs
Flavor: r-devel-linux-x86_64-fedora-clang

Version: 3.1.5
Check: package dependencies
Result: NOTE
    Package suggested but not available for checking: ‘rcytoscapejs’
Flavors: r-release-macos-arm64, r-oldrel-windows-ix86+x86_64

Version: 3.1.5
Check: dependencies in R code
Result: NOTE
    Namespaces in Imports field not imported from:
     ‘e1071’ ‘specmine.datasets’
     All declared Imports should be used.
Flavor: r-release-macos-arm64

Version: 3.1.6
Check: package dependencies
Result: NOTE
    Packages suggested but not available for checking:
     'MAIT', 'KEGGgraph', 'rcytoscapejs'
Flavor: r-release-macos-x86_64

Version: 3.1.6
Check: package dependencies
Result: NOTE
    Packages suggested but not available for checking:
     'MAIT', 'KEGGgraph', 'KEGGREST', 'rcytoscapejs'
Flavor: r-oldrel-macos-x86_64