Last updated on 2021-01-18 05:47:40 CET.
Flavor | Version | Tinstall | Tcheck | Ttotal | Status | Flags |
---|---|---|---|---|---|---|
r-devel-linux-x86_64-debian-clang | 0.1.0 | 127.41 | 43.29 | 170.70 | OK | |
r-devel-linux-x86_64-debian-gcc | 0.1.0 | 88.70 | 32.97 | 121.67 | OK | |
r-devel-linux-x86_64-fedora-clang | 0.1.0 | 257.30 | NOTE | |||
r-devel-linux-x86_64-fedora-gcc | 0.1.0 | 223.41 | NOTE | |||
r-devel-windows-ix86+x86_64 | 0.1.0 | 216.00 | 85.00 | 301.00 | OK | |
r-patched-linux-x86_64 | 0.1.0 | 101.42 | 41.50 | 142.92 | OK | |
r-patched-solaris-x86 | 0.1.0 | 206.10 | NOTE | |||
r-release-linux-x86_64 | 0.1.0 | 105.20 | 41.20 | 146.40 | OK | |
r-release-macos-x86_64 | 0.1.0 | NOTE | ||||
r-release-windows-ix86+x86_64 | 0.1.0 | 292.00 | 82.00 | 374.00 | OK | |
r-oldrel-macos-x86_64 | 0.1.0 | NOTE | ||||
r-oldrel-windows-ix86+x86_64 | 0.1.0 | 256.00 | 63.00 | 319.00 | OK |
Version: 0.1.0
Check: installed package size
Result: NOTE
installed size is 7.9Mb
sub-directories of 1Mb or more:
libs 7.3Mb
Flavors: r-devel-linux-x86_64-fedora-clang, r-release-macos-x86_64, r-oldrel-macos-x86_64
Version: 0.1.0
Check: dependencies in R code
Result: NOTE
Namespace in Imports field not imported from: ‘MASS’
All declared Imports should be used.
Flavors: r-devel-linux-x86_64-fedora-clang, r-devel-linux-x86_64-fedora-gcc, r-patched-solaris-x86, r-release-macos-x86_64, r-oldrel-macos-x86_64