CRAN Package Check Results for Package spinifex

Last updated on 2019-12-09 05:47:29 CET.

Flavor Version Tinstall Tcheck Ttotal Status Flags
r-devel-linux-x86_64-debian-clang 0.1.0 2.83 38.57 41.40 OK
r-devel-linux-x86_64-debian-gcc 0.1.0 2.39 30.13 32.52 OK
r-devel-linux-x86_64-fedora-clang 0.1.0 50.58 NOTE
r-devel-linux-x86_64-fedora-gcc 0.1.0 50.06 NOTE
r-devel-windows-ix86+x86_64 0.1.0 8.00 75.00 83.00 OK
r-devel-windows-ix86+x86_64-gcc8 0.1.0 10.00 78.00 88.00 OK
r-patched-linux-x86_64 0.1.0 2.28 36.72 39.00 OK
r-patched-solaris-x86 0.1.0 69.00 NOTE
r-release-linux-x86_64 0.1.0 2.32 35.97 38.29 OK
r-release-windows-ix86+x86_64 0.1.0 6.00 56.00 62.00 OK
r-release-osx-x86_64 0.1.0 NOTE
r-oldrel-windows-ix86+x86_64 0.1.0 3.00 51.00 54.00 OK
r-oldrel-osx-x86_64 0.1.0 NOTE

Check Details

Version: 0.1.0
Check: dependencies in R code
Result: NOTE
    Namespaces in Imports field not imported from:
     ‘GGally’ ‘tibble’ ‘webshot’
     All declared Imports should be used.
Flavors: r-devel-linux-x86_64-fedora-clang, r-devel-linux-x86_64-fedora-gcc, r-patched-solaris-x86, r-release-osx-x86_64, r-oldrel-osx-x86_64

Version: 0.1.0
Check: package dependencies
Result: NOTE
    Package suggested but not available for checking: ‘gifski’
Flavor: r-patched-solaris-x86