CRAN Package Check Results for Package spocc

Last updated on 2021-06-23 05:49:44 CEST.

Flavor Version Tinstall Tcheck Ttotal Status Flags
r-devel-linux-x86_64-debian-clang 1.2.0 15.63 86.45 102.08 NOTE
r-devel-linux-x86_64-debian-gcc 1.2.0 12.60 64.89 77.49 NOTE
r-devel-linux-x86_64-fedora-clang 1.2.0 122.96 NOTE
r-devel-linux-x86_64-fedora-gcc 1.2.0 112.08 NOTE
r-devel-windows-x86_64 1.2.0 17.00 106.00 123.00 NOTE
r-devel-windows-x86_64-gcc10-UCRT 1.2.0 ERROR
r-patched-linux-x86_64 1.2.0 21.63 80.89 102.52 NOTE
r-patched-solaris-x86 1.2.0 157.90 NOTE
r-release-linux-x86_64 1.2.0 14.91 79.96 94.87 NOTE
r-release-macos-arm64 1.2.0 NOTE
r-release-macos-x86_64 1.2.0 NOTE
r-release-windows-ix86+x86_64 1.2.0 18.00 110.00 128.00 NOTE
r-oldrel-macos-x86_64 1.2.0 OK

Check Details

Version: 1.2.0
Check: LazyData
Result: NOTE
     'LazyData' is specified without a 'data' directory
Flavors: r-devel-linux-x86_64-debian-clang, r-devel-linux-x86_64-debian-gcc, r-devel-linux-x86_64-fedora-clang, r-devel-linux-x86_64-fedora-gcc, r-devel-windows-x86_64, r-patched-linux-x86_64, r-patched-solaris-x86, r-release-linux-x86_64, r-release-macos-arm64, r-release-macos-x86_64, r-release-windows-ix86+x86_64

Version: 1.2.0
Check: package dependencies
Result: ERROR
    Packages required but not available:
     'rgbif', 'rbison', 'rebird', 'rvertnet', 'ridigbio', 'crul'
    
    Packages suggested but not available for checking: 'taxize', 'vcr'
    
    See section 'The DESCRIPTION file' in the 'Writing R Extensions'
    manual.
Flavor: r-devel-windows-x86_64-gcc10-UCRT