CRAN Package Check Results for Package spqdep

Last updated on 2023-02-04 05:53:11 CET.

Flavor Version Tinstall Tcheck Ttotal Status Flags
r-devel-linux-x86_64-debian-clang 0.1.2 23.30 400.27 423.57 OK
r-devel-linux-x86_64-debian-gcc 0.1.2 18.67 282.90 301.57 OK
r-devel-linux-x86_64-fedora-clang 0.1.2 461.59 NOTE
r-devel-linux-x86_64-fedora-gcc 0.1.2 532.96 NOTE
r-devel-windows-x86_64 0.1.2 122.00 450.00 572.00 OK
r-patched-linux-x86_64 0.1.2 24.94 362.50 387.44 OK
r-release-linux-x86_64 0.1.2 16.09 364.22 380.31 OK
r-release-macos-arm64 0.1.2 216.00 NOTE
r-release-macos-x86_64 0.1.2 333.00 NOTE
r-release-windows-x86_64 0.1.2 129.00 453.00 582.00 OK
r-oldrel-macos-arm64 0.1.2 205.00 NOTE
r-oldrel-macos-x86_64 0.1.2 247.00 NOTE
r-oldrel-windows-ix86+x86_64 0.1.2 44.00 481.00 525.00 ERROR

Check Details

Version: 0.1.2
Check: dependencies in R code
Result: NOTE
    Namespaces in Imports field not imported from:
     ‘lwgeom’ ‘rgeoda’
     All declared Imports should be used.
Flavors: r-devel-linux-x86_64-fedora-clang, r-devel-linux-x86_64-fedora-gcc, r-release-macos-arm64, r-release-macos-x86_64, r-oldrel-macos-arm64, r-oldrel-macos-x86_64

Version: 0.1.2
Check: data for non-ASCII characters
Result: NOTE
     Note: found 4 marked UTF-8 strings
Flavors: r-devel-linux-x86_64-fedora-clang, r-devel-linux-x86_64-fedora-gcc, r-release-macos-arm64, r-release-macos-x86_64, r-oldrel-macos-arm64, r-oldrel-macos-x86_64

Version: 0.1.2
Check: PDF version of manual
Result: WARN
    LaTeX errors when creating PDF version.
    This typically indicates Rd problems.
    LaTeX errors found:
    ! Package inputenc Error: Unicode char â<c2><80><c2><90> (U+2010)
    (inputenc) not set up for use with LaTeX.
    
    See the inputenc package documentation for explanation.
    Type H <return> for immediate help.
    ! Package inputenc Error: Unicode char â<c2><80><c2><90> (U+2010)
    (inputenc) not set up for use with LaTeX.
    
    See the inputenc package documentation for explanation.
    Type H <return> for immediate help.
Flavor: r-oldrel-windows-ix86+x86_64

Version: 0.1.2
Check: PDF version of manual without hyperrefs or index
Result: ERROR
Flavor: r-oldrel-windows-ix86+x86_64