CRAN Package Check Results for Package spread

Last updated on 2021-03-02 05:47:55 CET.

Flavor Version Tinstall Tcheck Ttotal Status Flags
r-devel-linux-x86_64-debian-clang 2019.8.5 OK
r-devel-linux-x86_64-debian-gcc 2019.8.5 15.82 42.07 57.89 OK
r-devel-linux-x86_64-fedora-clang 2019.8.5 110.67 NOTE
r-devel-linux-x86_64-fedora-gcc 2019.8.5 95.12 NOTE
r-devel-windows-ix86+x86_64 2019.8.5 40.00 87.00 127.00 OK
r-patched-linux-x86_64 2019.8.5 18.78 52.94 71.72 OK
r-patched-solaris-x86 2019.8.5 126.00 NOTE
r-release-linux-x86_64 2019.8.5 20.47 52.63 73.10 OK
r-release-macos-x86_64 2019.8.5 NOTE
r-release-windows-ix86+x86_64 2019.8.5 58.00 112.00 170.00 OK
r-oldrel-macos-x86_64 2019.8.5 NOTE
r-oldrel-windows-ix86+x86_64 2019.8.5 44.00 122.00 166.00 OK

Check Details

Version: 2019.8.5
Check: dependencies in R code
Result: NOTE
    Namespace in Imports field not imported from: ‘RcppProgress’
     All declared Imports should be used.
Flavors: r-devel-linux-x86_64-fedora-clang, r-devel-linux-x86_64-fedora-gcc, r-patched-solaris-x86, r-release-macos-x86_64, r-oldrel-macos-x86_64