CRAN Package Check Results for Package spsurvey

Last updated on 2020-02-27 05:49:02 CET.

Flavor Version Tinstall Tcheck Ttotal Status Flags
r-devel-linux-x86_64-debian-clang 4.1.1 39.32 701.01 740.33 OK
r-devel-linux-x86_64-debian-gcc 4.1.1 32.05 522.85 554.90 OK
r-devel-linux-x86_64-fedora-clang 4.1.1 884.89 OK
r-devel-linux-x86_64-fedora-gcc 4.1.1 826.16 OK
r-devel-windows-ix86+x86_64 4.1.1 59.00 324.00 383.00 OK --no-vignettes
r-devel-windows-ix86+x86_64-gcc8 4.1.1 68.00 344.00 412.00 OK --no-vignettes
r-patched-linux-x86_64 4.1.1 33.33 643.70 677.03 OK
r-patched-solaris-x86 4.1.1 3048.50 NOTE
r-release-linux-x86_64 4.1.1 31.23 649.76 680.99 OK
r-release-windows-ix86+x86_64 4.1.1 45.00 219.00 264.00 OK --no-vignettes
r-release-osx-x86_64 4.1.1 OK
r-oldrel-windows-ix86+x86_64 4.1.1 45.00 296.00 341.00 OK --no-vignettes
r-oldrel-osx-x86_64 4.1.1 OK

Check Details

Version: 4.1.1
Check: installed package size
Result: NOTE
     installed size is 5.4Mb
     sub-directories of 1Mb or more:
     doc 2.9Mb
Flavor: r-patched-solaris-x86