CRAN Package Check Results for Package spsurvey

Last updated on 2019-09-18 05:47:11 CEST.

Flavor Version Tinstall Tcheck Ttotal Status Flags
r-devel-linux-x86_64-debian-clang 4.1.0 38.65 713.94 752.59 OK
r-devel-linux-x86_64-debian-gcc 4.1.0 31.48 536.83 568.31 OK
r-devel-linux-x86_64-fedora-clang 4.1.0 625.07 OK
r-devel-linux-x86_64-fedora-gcc 4.1.0 624.69 OK
r-devel-windows-ix86+x86_64 4.1.0 80.00 1208.00 1288.00 OK
r-patched-linux-x86_64 4.1.0 33.06 713.65 746.71 OK
r-patched-solaris-x86 4.1.0 2952.50 NOTE
r-release-linux-x86_64 4.1.0 31.87 696.54 728.41 OK
r-release-windows-ix86+x86_64 4.1.0 54.00 1147.00 1201.00 OK
r-release-osx-x86_64 4.1.0 OK
r-oldrel-windows-ix86+x86_64 4.1.0 66.00 867.00 933.00 OK
r-oldrel-osx-x86_64 4.1.0 OK

Check Details

Version: 4.1.0
Check: installed package size
Result: NOTE
     installed size is 5.4Mb
     sub-directories of 1Mb or more:
     doc 2.9Mb
Flavor: r-patched-solaris-x86