CRAN Package Check Results for Package sqldf

Last updated on 2020-09-22 05:51:09 CEST.

Flavor Version Tinstall Tcheck Ttotal Status Flags
r-devel-linux-x86_64-debian-clang 0.4-11 5.77 45.50 51.27 OK
r-devel-linux-x86_64-debian-gcc 0.4-11 0.26 1.87 2.13 ERROR
r-devel-linux-x86_64-fedora-clang 0.4-11 79.16 OK
r-devel-linux-x86_64-fedora-gcc 0.4-11 64.01 OK
r-devel-windows-ix86+x86_64 0.4-11 12.00 56.00 68.00 OK
r-patched-linux-x86_64 0.4-11 5.36 44.56 49.92 OK
r-patched-solaris-x86 0.4-11 99.70 OK
r-release-linux-x86_64 0.4-11 6.40 45.54 51.94 OK
r-release-macos-x86_64 0.4-11 OK
r-release-windows-ix86+x86_64 0.4-11 11.00 50.00 61.00 OK
r-oldrel-macos-x86_64 0.4-11 OK
r-oldrel-windows-ix86+x86_64 0.4-11 8.00 69.00 77.00 OK

Check Details

Version: 0.4-11
Check: whether package can be installed
Result: ERROR
    Installation failed.
Flavor: r-devel-linux-x86_64-debian-gcc