CRAN Package Check Results for Package stUPscales

Last updated on 2021-06-21 05:49:56 CEST.

Flavor Version Tinstall Tcheck Ttotal Status Flags
r-devel-linux-x86_64-debian-clang 1.0.3.4 23.24 195.37 218.61 NOTE
r-devel-linux-x86_64-debian-gcc 1.0.3.4 16.32 143.83 160.15 NOTE
r-devel-linux-x86_64-fedora-clang 1.0.3.4 262.69 NOTE
r-devel-linux-x86_64-fedora-gcc 1.0.3.4 251.65 NOTE
r-devel-windows-x86_64 1.0.3.4 34.00 292.00 326.00 OK
r-devel-windows-x86_64-gcc10-UCRT 1.0.3.4 OK
r-patched-linux-x86_64 1.0.3.4 18.99 180.57 199.56 NOTE
r-patched-solaris-x86 1.0.3.4 371.80 NOTE
r-release-linux-x86_64 1.0.3.4 16.15 181.09 197.24 NOTE
r-release-macos-arm64 1.0.3.4 OK
r-release-macos-x86_64 1.0.3.4 OK
r-release-windows-ix86+x86_64 1.0.3.4 52.00 284.00 336.00 OK
r-oldrel-macos-x86_64 1.0.3.4 OK

Check Details

Version: 1.0.3.4
Check: for non-standard things in the check directory
Result: NOTE
    Found the following files/directories:
     'EmiStatR_output' 'ExamplePlot-event.pdf' 'ExamplePlot-season.pdf'
     'Output1_MC-uncertainty_360min-event.pdf'
     'Output1_MC-uncertainty_360min-season.pdf' 'gof.RData' 'gof.csv'
     'gofGoF_results.RData' 'gofGoF_results.csv' 'mc.RData' 'sim1.RData'
     'summ.RData' 'variance.RData'
Flavors: r-devel-linux-x86_64-debian-clang, r-devel-linux-x86_64-debian-gcc, r-devel-linux-x86_64-fedora-clang, r-devel-linux-x86_64-fedora-gcc, r-patched-linux-x86_64, r-patched-solaris-x86, r-release-linux-x86_64