CRAN Package Check Results for Package stable

Last updated on 2021-11-27 05:49:52 CET.

Flavor Version Tinstall Tcheck Ttotal Status Flags
r-devel-linux-x86_64-debian-clang 1.1.4 NOTE
r-devel-linux-x86_64-debian-gcc 1.1.4 3.11 22.43 25.54 NOTE
r-devel-linux-x86_64-fedora-clang 1.1.4 53.07 NOTE
r-devel-linux-x86_64-fedora-gcc 1.1.4 41.03 NOTE
r-devel-windows-x86_64-new-UL 1.1.4 14.00 67.00 81.00 NOTE
r-devel-windows-x86_64-new-TK 1.1.4 NOTE
r-devel-windows-x86_64-old 1.1.4 8.00 53.00 61.00 NOTE
r-patched-linux-x86_64 1.1.4 4.68 27.95 32.63 NOTE
r-patched-solaris-x86 1.1.4 60.50 NOTE
r-release-linux-x86_64 1.1.4 NOTE
r-release-macos-arm64 1.1.4 NOTE
r-release-macos-x86_64 1.1.4 NOTE
r-release-windows-ix86+x86_64 1.1.4 12.00 52.00 64.00 NOTE
r-oldrel-macos-x86_64 1.1.4 NOTE
r-oldrel-windows-ix86+x86_64 1.1.4 7.00 59.00 66.00 OK

Check Details

Version: 1.1.4
Check: LazyData
Result: NOTE
     'LazyData' is specified without a 'data' directory
Flavors: r-devel-linux-x86_64-debian-clang, r-devel-linux-x86_64-debian-gcc, r-devel-linux-x86_64-fedora-clang, r-devel-linux-x86_64-fedora-gcc, r-devel-windows-x86_64-new-UL, r-devel-windows-x86_64-new-TK, r-devel-windows-x86_64-old, r-patched-linux-x86_64, r-patched-solaris-x86, r-release-linux-x86_64, r-release-macos-arm64, r-release-macos-x86_64, r-release-windows-ix86+x86_64

Version: 1.1.4
Check: dependencies in R code
Result: NOTE
    Namespace in Imports field not imported from: ‘stabledist’
     All declared Imports should be used.
Flavors: r-devel-linux-x86_64-fedora-clang, r-devel-linux-x86_64-fedora-gcc, r-devel-windows-x86_64-new-TK, r-patched-solaris-x86, r-release-macos-arm64, r-release-macos-x86_64, r-oldrel-macos-x86_64