CRAN Package Check Results for Package staplr

Last updated on 2024-06-25 07:06:35 CEST.

Flavor Version Tinstall Tcheck Ttotal Status Flags
r-devel-linux-x86_64-debian-clang 3.2.2 9.62 153.68 163.30 NOTE
r-devel-linux-x86_64-debian-gcc 3.2.2 7.25 112.70 119.95 NOTE
r-devel-linux-x86_64-fedora-clang 3.2.2 198.79 NOTE
r-devel-linux-x86_64-fedora-gcc 3.2.2 198.89 NOTE
r-devel-windows-x86_64 3.2.2 8.00 147.00 155.00 NOTE
r-patched-linux-x86_64 3.2.2 10.12 150.38 160.50 NOTE
r-release-linux-x86_64 3.2.2 9.39 149.67 159.06 NOTE
r-release-macos-arm64 3.2.2 150.00 NOTE
r-release-macos-x86_64 3.2.2 223.00 NOTE
r-release-windows-x86_64 3.2.2 8.00 152.00 160.00 NOTE
r-oldrel-macos-arm64 3.2.2 76.00 OK
r-oldrel-macos-x86_64 3.2.2 372.00 OK
r-oldrel-windows-x86_64 3.2.2 9.00 159.00 168.00 OK

Check Details

Version: 3.2.2
Check: Rd files
Result: NOTE checkRd: (-1) get_fields.Rd:27: Lost braces 27 | codes, the function will return a warning by default, suggesting setting \code{convert_field_names} to code{TRUE}. | ^ checkRd: (-1) identify_form_fields.Rd:34: Lost braces 34 | codes, the function will return a warning by default, suggesting setting \code{convert_field_names} to code{TRUE}. | ^ Flavors: r-devel-linux-x86_64-debian-clang, r-devel-linux-x86_64-debian-gcc, r-devel-linux-x86_64-fedora-clang, r-devel-linux-x86_64-fedora-gcc, r-devel-windows-x86_64, r-patched-linux-x86_64, r-release-linux-x86_64, r-release-macos-arm64, r-release-macos-x86_64, r-release-windows-x86_64