CRAN Package Check Results for Package stargazer

Last updated on 2019-08-18 05:46:26 CEST.

Flavor Version Tinstall Tcheck Ttotal Status Flags
r-devel-linux-x86_64-debian-clang 5.2.2 11.75 48.82 60.57 OK
r-devel-linux-x86_64-debian-gcc 5.2.2 9.16 38.17 47.33 OK
r-devel-linux-x86_64-fedora-gcc 5.2.2 76.92 OK
r-devel-windows-ix86+x86_64 5.2.2 20.00 67.00 87.00 OK
r-patched-linux-x86_64 5.2.2 9.91 48.71 58.62 OK
r-patched-solaris-x86 5.2.2 90.40 OK
r-release-linux-x86_64 5.2.2 10.11 48.77 58.88 OK
r-release-windows-ix86+x86_64 5.2.2 17.00 80.00 97.00 OK
r-release-osx-x86_64 5.2.2 NOTE
r-oldrel-windows-ix86+x86_64 5.2.2 13.00 60.00 73.00 OK
r-oldrel-osx-x86_64 5.2.2 OK

Check Details

Version: 5.2.2
Check: package dependencies
Result: NOTE
    Package which this enhances but not available for checking: ‘mnlogit’
Flavor: r-release-osx-x86_64