CRAN Package Check Results for Package stargazer

Last updated on 2019-05-25 05:47:00 CEST.

Flavor Version Tinstall Tcheck Ttotal Status Flags
r-devel-linux-x86_64-debian-clang 5.2.2 10.75 48.35 59.10 NOTE
r-devel-linux-x86_64-debian-gcc 5.2.2 8.53 37.80 46.33 NOTE
r-devel-linux-x86_64-fedora-clang 5.2.2 76.27 NOTE
r-devel-linux-x86_64-fedora-gcc 5.2.2 74.33 NOTE
r-devel-windows-ix86+x86_64 5.2.2 20.00 58.00 78.00 OK
r-patched-linux-x86_64 5.2.2 NOTE
r-patched-solaris-x86 5.2.2 95.00 NOTE
r-release-linux-x86_64 5.2.2 10.41 48.68 59.09 NOTE
r-release-windows-ix86+x86_64 5.2.2 20.00 56.00 76.00 OK
r-release-osx-x86_64 5.2.2 NOTE
r-oldrel-windows-ix86+x86_64 5.2.2 13.00 60.00 73.00 OK
r-oldrel-osx-x86_64 5.2.2 OK

Check Details

Version: 5.2.2
Check: package dependencies
Result: NOTE
    Package which this enhances but not available for checking: 'mnlogit'
Flavors: r-devel-linux-x86_64-debian-clang, r-devel-linux-x86_64-debian-gcc, r-devel-linux-x86_64-fedora-clang, r-devel-linux-x86_64-fedora-gcc, r-patched-linux-x86_64, r-patched-solaris-x86, r-release-linux-x86_64, r-release-osx-x86_64