Last updated on 2023-02-08 06:00:18 CET.
Flavor | Version | Tinstall | Tcheck | Ttotal | Status | Flags |
---|---|---|---|---|---|---|
r-devel-linux-x86_64-debian-clang | 0.1.0 | 5.61 | 37.43 | 43.04 | OK | |
r-devel-linux-x86_64-debian-gcc | 0.1.0 | 3.78 | 28.22 | 32.00 | OK | |
r-devel-linux-x86_64-fedora-clang | 0.1.0 | 52.37 | NOTE | |||
r-devel-linux-x86_64-fedora-gcc | 0.1.0 | 75.69 | NOTE | |||
r-devel-windows-x86_64 | 0.1.0 | 14.00 | 75.00 | 89.00 | OK | |
r-patched-linux-x86_64 | 0.1.0 | 4.78 | 34.98 | 39.76 | OK | |
r-release-linux-x86_64 | 0.1.0 | 3.54 | 49.81 | 53.35 | OK | |
r-release-macos-arm64 | 0.1.0 | 26.00 | NOTE | |||
r-release-macos-x86_64 | 0.1.0 | 37.00 | NOTE | |||
r-release-windows-x86_64 | 0.1.0 | 11.00 | 101.00 | 112.00 | OK | |
r-oldrel-macos-arm64 | 0.1.0 | 36.00 | NOTE | |||
r-oldrel-macos-x86_64 | 0.1.0 | 49.00 | NOTE | |||
r-oldrel-windows-ix86+x86_64 | 0.1.0 | 8.00 | 66.00 | 74.00 | OK |
Version: 0.1.0
Check: dependencies in R code
Result: NOTE
Namespace in Imports field not imported from: ‘Matrix’
All declared Imports should be used.
Flavors: r-devel-linux-x86_64-fedora-clang, r-devel-linux-x86_64-fedora-gcc, r-release-macos-arm64, r-release-macos-x86_64, r-oldrel-macos-arm64, r-oldrel-macos-x86_64