CRAN Package Check Results for Package starm

Last updated on 2023-10-01 06:53:21 CEST.

Flavor Version Tinstall Tcheck Ttotal Status Flags
r-devel-linux-x86_64-debian-clang 0.1.0 5.05 37.85 42.90 OK
r-devel-linux-x86_64-debian-gcc 0.1.0 2.76 28.98 31.74 OK
r-devel-linux-x86_64-fedora-clang 0.1.0 53.26 NOTE
r-devel-linux-x86_64-fedora-gcc 0.1.0 77.69 NOTE
r-devel-windows-x86_64 0.1.0 6.00 58.00 64.00 OK
r-patched-linux-x86_64 0.1.0 4.00 37.01 41.01 OK
r-release-linux-x86_64 0.1.0 4.46 37.32 41.78 OK
r-release-macos-arm64 0.1.0 33.00 OK
r-release-macos-x86_64 0.1.0 50.00 OK
r-release-windows-x86_64 0.1.0 7.00 60.00 67.00 OK
r-oldrel-macos-arm64 0.1.0 26.00 NOTE
r-oldrel-macos-x86_64 0.1.0 37.00 NOTE
r-oldrel-windows-x86_64 0.1.0 5.00 61.00 66.00 OK

Check Details

Version: 0.1.0
Check: dependencies in R code
Result: NOTE
    Namespace in Imports field not imported from: ‘Matrix’
     All declared Imports should be used.
Flavors: r-devel-linux-x86_64-fedora-clang, r-devel-linux-x86_64-fedora-gcc, r-oldrel-macos-arm64, r-oldrel-macos-x86_64