CRAN Package Check Results for Package statVisual

Last updated on 2022-01-18 05:50:29 CET.

Flavor Version Tinstall Tcheck Ttotal Status Flags
r-devel-linux-x86_64-debian-clang 1.2.1 18.78 231.22 250.00 OK
r-devel-linux-x86_64-debian-gcc 1.2.1 15.16 167.97 183.13 OK
r-devel-linux-x86_64-fedora-clang 1.2.1 286.70 NOTE
r-devel-linux-x86_64-fedora-gcc 1.2.1 274.28 NOTE
r-devel-windows-x86_64-new-UL 1.2.1 49.00 246.00 295.00 OK
r-devel-windows-x86_64-new-TK 1.2.1 ERROR
r-patched-linux-x86_64 1.2.1 23.38 207.89 231.27 OK
r-release-linux-x86_64 1.2.1 OK
r-release-macos-arm64 1.2.1 ERROR
r-release-macos-x86_64 1.2.1 ERROR
r-release-windows-ix86+x86_64 1.2.1 35.00 249.00 284.00 OK
r-oldrel-macos-x86_64 1.2.1 ERROR
r-oldrel-windows-ix86+x86_64 1.2.1 44.00 250.00 294.00 OK

Check Details

Version: 1.2.1
Check: package dependencies
Result: NOTE
    Imports includes 23 non-default packages.
    Importing from so many packages makes the package vulnerable to any of
    them becoming unavailable. Move as many as possible to Suggests and
    use conditionally.
Flavor: r-devel-linux-x86_64-fedora-clang

Version: 1.2.1
Check: dependencies in R code
Result: NOTE
    Namespaces in Imports field not imported from:
     ‘gbm’ ‘ggfortify’ ‘tibble’ ‘tidyverse’
     All declared Imports should be used.
Flavors: r-devel-linux-x86_64-fedora-clang, r-devel-linux-x86_64-fedora-gcc

Version: 1.2.1
Check: package dependencies
Result: ERROR
    Packages required but not available: 'factoextra', 'pvca'
    
    See section 'The DESCRIPTION file' in the 'Writing R Extensions'
    manual.
Flavor: r-devel-windows-x86_64-new-TK

Version: 1.2.1
Check: package dependencies
Result: ERROR
    Package required but not available: ‘pvca’
    
    See section ‘The DESCRIPTION file’ in the ‘Writing R Extensions’
    manual.
Flavors: r-release-macos-arm64, r-release-macos-x86_64, r-oldrel-macos-x86_64