Last updated on 2021-01-18 05:47:40 CET.
Flavor | Version | Tinstall | Tcheck | Ttotal | Status | Flags |
---|---|---|---|---|---|---|
r-devel-linux-x86_64-debian-clang | 1.0.5 | 116.22 | 224.46 | 340.68 | OK | |
r-devel-linux-x86_64-debian-gcc | 1.0.5 | 74.81 | 152.17 | 226.98 | OK | |
r-devel-linux-x86_64-fedora-clang | 1.0.5 | 427.95 | NOTE | |||
r-devel-linux-x86_64-fedora-gcc | 1.0.5 | 370.61 | OK | |||
r-devel-windows-ix86+x86_64 | 1.0.5 | 192.00 | 222.00 | 414.00 | NOTE | |
r-patched-linux-x86_64 | 1.0.5 | 92.76 | 190.82 | 283.58 | OK | |
r-patched-solaris-x86 | 1.0.5 | 459.50 | OK | |||
r-release-linux-x86_64 | 1.0.5 | 85.51 | 190.92 | 276.43 | OK | |
r-release-macos-x86_64 | 1.0.5 | NOTE | ||||
r-release-windows-ix86+x86_64 | 1.0.5 | 205.00 | 220.00 | 425.00 | NOTE | |
r-oldrel-macos-x86_64 | 1.0.5 | NOTE | ||||
r-oldrel-windows-ix86+x86_64 | 1.0.5 | 217.00 | 232.00 | 449.00 | NOTE |
Version: 1.0.5
Check: installed package size
Result: NOTE
installed size is 9.4Mb
sub-directories of 1Mb or more:
data 3.1Mb
libs 5.4Mb
Flavors: r-devel-linux-x86_64-fedora-clang, r-devel-windows-ix86+x86_64, r-release-macos-x86_64, r-release-windows-ix86+x86_64, r-oldrel-macos-x86_64, r-oldrel-windows-ix86+x86_64