CRAN Package Check Results for Package statnet.common

Last updated on 2022-01-27 05:56:08 CET.

Flavor Version Tinstall Tcheck Ttotal Status Flags
r-devel-linux-x86_64-debian-clang 4.5.0 4.16 44.16 48.32 NOTE
r-devel-linux-x86_64-debian-gcc 4.5.0 3.78 34.60 38.38 NOTE
r-devel-linux-x86_64-fedora-clang 4.5.0 61.22 NOTE
r-devel-linux-x86_64-fedora-gcc 4.5.0 49.49 NOTE
r-devel-windows-x86_64-new-UL 4.5.0 174.00 89.00 263.00 NOTE
r-devel-windows-x86_64-new-TK 4.5.0 NOTE
r-patched-linux-x86_64 4.5.0 7.14 42.65 49.79 NOTE
r-release-linux-x86_64 4.5.0 4.67 42.05 46.72 NOTE
r-release-macos-arm64 4.5.0 NOTE
r-release-macos-x86_64 4.5.0 NOTE
r-release-windows-ix86+x86_64 4.5.0 11.00 75.00 86.00 NOTE
r-oldrel-macos-x86_64 4.5.0 NOTE
r-oldrel-windows-ix86+x86_64 4.5.0 11.00 75.00 86.00 NOTE

Check Details

Version: 4.5.0
Check: R code for possible problems
Result: NOTE
    Found the following possibly unsafe calls:
    File 'statnet.common/R/control.utilities.R':
     unlockBinding("snctrl", environment(snctrl))
     unlockBinding("snctrl", environment(update_my_snctrl))
Flavors: r-devel-linux-x86_64-debian-clang, r-devel-linux-x86_64-debian-gcc, r-devel-linux-x86_64-fedora-clang, r-devel-linux-x86_64-fedora-gcc, r-devel-windows-x86_64-new-UL, r-devel-windows-x86_64-new-TK, r-patched-linux-x86_64, r-release-linux-x86_64, r-release-macos-arm64, r-release-macos-x86_64, r-release-windows-ix86+x86_64, r-oldrel-macos-x86_64, r-oldrel-windows-ix86+x86_64