CRAN Package Check Results for Package statnet.common

Last updated on 2024-07-15 06:49:40 CEST.

Flavor Version Tinstall Tcheck Ttotal Status Flags
r-devel-linux-x86_64-debian-clang 4.9.0 4.92 44.92 49.84 NOTE
r-devel-linux-x86_64-debian-gcc 4.9.0 4.62 34.08 38.70 NOTE
r-devel-linux-x86_64-fedora-clang 4.9.0 69.22 NOTE
r-devel-linux-x86_64-fedora-gcc 4.9.0 61.26 NOTE
r-devel-windows-x86_64 4.9.0 10.00 69.00 79.00 NOTE
r-patched-linux-x86_64 4.9.0 9.34 42.62 51.96 NOTE
r-release-linux-x86_64 4.9.0 6.15 43.57 49.72 NOTE
r-release-macos-arm64 4.9.0 25.00 NOTE
r-release-macos-x86_64 4.9.0 36.00 NOTE
r-release-windows-x86_64 4.9.0 8.00 68.00 76.00 NOTE
r-oldrel-macos-arm64 4.9.0 26.00 NOTE
r-oldrel-macos-x86_64 4.9.0 59.00 NOTE
r-oldrel-windows-x86_64 4.9.0 9.00 75.00 84.00 NOTE

Check Details

Version: 4.9.0
Check: R code for possible problems
Result: NOTE Found the following possibly unsafe calls: File ‘statnet.common/R/control.utilities.R’: unlockBinding("snctrl", environment(snctrl)) unlockBinding("snctrl", environment(update_my_snctrl)) Flavors: r-devel-linux-x86_64-debian-clang, r-devel-linux-x86_64-debian-gcc, r-devel-linux-x86_64-fedora-clang, r-devel-linux-x86_64-fedora-gcc, r-devel-windows-x86_64, r-patched-linux-x86_64, r-release-linux-x86_64, r-release-macos-arm64, r-release-macos-x86_64, r-release-windows-x86_64, r-oldrel-macos-arm64, r-oldrel-macos-x86_64, r-oldrel-windows-x86_64

Version: 4.9.0
Check: Rd cross-references
Result: NOTE Found the following Rd file(s) with Rd \link{} targets missing package anchors: mcmc-utilities.Rd: mcmc.list Please provide package anchors for all Rd \link{} targets not in the package itself and the base packages. Flavor: r-devel-windows-x86_64