CRAN Package Check Results for Package statnetWeb

Last updated on 2021-11-27 05:49:52 CET.

Flavor Version Tinstall Tcheck Ttotal Status Flags
r-devel-linux-x86_64-debian-clang 0.5.6 NOTE
r-devel-linux-x86_64-debian-gcc 0.5.6 8.00 63.70 71.70 NOTE
r-devel-linux-x86_64-fedora-clang 0.5.6 120.93 NOTE
r-devel-linux-x86_64-fedora-gcc 0.5.6 108.73 NOTE
r-devel-windows-x86_64-new-UL 0.5.6 18.00 117.00 135.00 NOTE
r-devel-windows-x86_64-new-TK 0.5.6 NOTE
r-devel-windows-x86_64-old 0.5.6 13.00 113.00 126.00 NOTE
r-patched-linux-x86_64 0.5.6 9.47 77.80 87.27 NOTE
r-patched-solaris-x86 0.5.6 163.40 NOTE
r-release-linux-x86_64 0.5.6 NOTE
r-release-macos-arm64 0.5.6 NOTE
r-release-macos-x86_64 0.5.6 NOTE
r-release-windows-ix86+x86_64 0.5.6 24.00 72.00 96.00 NOTE
r-oldrel-macos-x86_64 0.5.6 OK
r-oldrel-windows-ix86+x86_64 0.5.6 32.00 113.00 145.00 OK

Check Details

Version: 0.5.6
Check: LazyData
Result: NOTE
     'LazyData' is specified without a 'data' directory
Flavors: r-devel-linux-x86_64-debian-clang, r-devel-linux-x86_64-debian-gcc, r-devel-linux-x86_64-fedora-clang, r-devel-linux-x86_64-fedora-gcc, r-devel-windows-x86_64-new-UL, r-devel-windows-x86_64-new-TK, r-devel-windows-x86_64-old, r-patched-linux-x86_64, r-patched-solaris-x86, r-release-linux-x86_64, r-release-macos-arm64, r-release-macos-x86_64, r-release-windows-ix86+x86_64