CRAN Package Check Results for Package stinepack

Last updated on 2021-09-21 05:51:38 CEST.

Flavor Version Tinstall Tcheck Ttotal Status Flags
r-devel-linux-x86_64-debian-clang 1.4 1.97 22.45 24.42 OK
r-devel-linux-x86_64-debian-gcc 1.4 1.40 17.33 18.73 OK
r-devel-linux-x86_64-fedora-clang 1.4 38.53 OK
r-devel-linux-x86_64-fedora-gcc 1.4 28.13 OK
r-devel-windows-x86_64 1.4 7.00 29.00 36.00 OK
r-devel-windows-x86_64-gcc10-UCRT 1.4 ERROR
r-patched-linux-x86_64 1.4 2.32 21.38 23.70 OK
r-patched-solaris-x86 1.4 44.80 OK
r-release-linux-x86_64 1.4 2.10 21.63 23.73 OK
r-release-macos-arm64 1.4 OK
r-release-macos-x86_64 1.4 OK
r-release-windows-ix86+x86_64 1.4 7.00 28.00 35.00 OK
r-oldrel-macos-x86_64 1.4 OK
r-oldrel-windows-ix86+x86_64 1.4 5.00 28.00 33.00 OK

Check Details

Version: 1.4
Check: whether package can be installed
Result: WARN
    Found the following significant warnings:
     WARNING: installation-time patches will not be applied, could not get the patches index
Flavor: r-devel-windows-x86_64-gcc10-UCRT

Version: 1.4
Check: PDF version of manual
Result: WARN
    LaTeX errors when creating PDF version.
    This typically indicates Rd problems.
Flavor: r-devel-windows-x86_64-gcc10-UCRT

Version: 1.4
Check: PDF version of manual without hyperrefs or index
Result: ERROR
    Re-running with no redirection of stdout/stderr.
Flavor: r-devel-windows-x86_64-gcc10-UCRT