Last updated on 2023-01-28 05:56:35 CET.
Flavor | Version | Tinstall | Tcheck | Ttotal | Status | Flags |
---|---|---|---|---|---|---|
r-devel-linux-x86_64-debian-clang | 0.2.0 | 22.79 | 175.86 | 198.65 | OK | |
r-devel-linux-x86_64-debian-gcc | 0.2.0 | 23.59 | 137.46 | 161.05 | OK | |
r-devel-linux-x86_64-fedora-clang | 0.2.0 | 254.87 | NOTE | |||
r-devel-linux-x86_64-fedora-gcc | 0.2.0 | 280.00 | OK | |||
r-patched-linux-x86_64 | 0.2.0 | 25.37 | 180.02 | 205.39 | OK | |
r-release-linux-x86_64 | 0.2.0 | 27.23 | 179.20 | 206.43 | OK | |
r-release-macos-arm64 | 0.2.0 | 85.00 | NOTE | |||
r-release-macos-x86_64 | 0.2.0 | 138.00 | NOTE | |||
r-release-windows-x86_64 | 0.2.0 | 68.00 | 142.00 | 210.00 | NOTE | |
r-oldrel-macos-arm64 | 0.2.0 | 124.00 | NOTE | |||
r-oldrel-macos-x86_64 | 0.2.0 | 99.00 | NOTE | |||
r-oldrel-windows-ix86+x86_64 | 0.2.0 | 121.00 | 170.00 | 291.00 | NOTE |
Version: 0.2.0
Check: installed package size
Result: NOTE
installed size is 12.8Mb
sub-directories of 1Mb or more:
libs 11.2Mb
Flavors: r-devel-linux-x86_64-fedora-clang, r-release-macos-arm64, r-release-macos-x86_64, r-release-windows-x86_64, r-oldrel-macos-arm64, r-oldrel-macos-x86_64, r-oldrel-windows-ix86+x86_64