CRAN Package Check Results for Package stream

Last updated on 2019-06-26 06:47:46 CEST.

Flavor Version Tinstall Tcheck Ttotal Status Flags
r-devel-linux-x86_64-debian-clang 1.3-1 120.60 176.98 297.58 WARN
r-devel-linux-x86_64-debian-gcc 1.3-1 97.19 134.60 231.79 OK
r-devel-linux-x86_64-fedora-clang 1.3-1 413.33 WARN
r-devel-linux-x86_64-fedora-gcc 1.3-1 373.01 OK
r-devel-windows-ix86+x86_64 1.3-1 358.00 290.00 648.00 NOTE
r-patched-linux-x86_64 1.3-1 116.81 170.50 287.31 OK
r-patched-solaris-x86 1.3-1 376.10 OK
r-release-linux-x86_64 1.3-1 115.14 173.89 289.03 OK
r-release-windows-ix86+x86_64 1.3-1 271.00 322.00 593.00 NOTE
r-release-osx-x86_64 1.3-1 WARN
r-oldrel-windows-ix86+x86_64 1.3-1 250.00 258.00 508.00 NOTE
r-oldrel-osx-x86_64 1.3-1 WARN

Check Details

Version: 1.3-1
Check: whether package can be installed
Result: WARN
    Found the following significant warnings:
     BIRCH/CFTree.cpp:18:6: warning: 'this' pointer cannot be null in well-defined C++ code; comparison may be assumed to always evaluate to true [-Wtautological-undefined-compare]
Flavors: r-devel-linux-x86_64-debian-clang, r-devel-linux-x86_64-fedora-clang, r-release-osx-x86_64, r-oldrel-osx-x86_64

Version: 1.3-1
Check: installed package size
Result: NOTE
     installed size is 12.3Mb
     sub-directories of 1Mb or more:
     doc 1.6Mb
     libs 10.0Mb
Flavors: r-devel-linux-x86_64-fedora-clang, r-devel-windows-ix86+x86_64, r-release-windows-ix86+x86_64, r-release-osx-x86_64, r-oldrel-windows-ix86+x86_64, r-oldrel-osx-x86_64