CRAN Package Check Results for Package stream

Last updated on 2019-09-20 05:47:07 CEST.

Flavor Version Tinstall Tcheck Ttotal Status Flags
r-devel-linux-x86_64-debian-clang 1.3-1 123.20 177.98 301.18 WARN
r-devel-linux-x86_64-debian-gcc 1.3-1 105.55 133.33 238.88 OK
r-devel-linux-x86_64-fedora-clang 1.3-1 423.93 WARN
r-devel-linux-x86_64-fedora-gcc 1.3-1 405.84 OK
r-devel-windows-ix86+x86_64 1.3-1 363.00 302.00 665.00 NOTE
r-patched-linux-x86_64 1.3-1 112.04 167.30 279.34 OK
r-patched-solaris-x86 1.3-1 415.40 OK
r-release-linux-x86_64 1.3-1 108.70 173.62 282.32 OK
r-release-windows-ix86+x86_64 1.3-1 271.00 257.00 528.00 NOTE
r-release-osx-x86_64 1.3-1 WARN
r-oldrel-windows-ix86+x86_64 1.3-1 258.00 256.00 514.00 NOTE
r-oldrel-osx-x86_64 1.3-1 WARN

Check Details

Version: 1.3-1
Check: whether package can be installed
Result: WARN
    Found the following significant warnings:
     BIRCH/CFTree.cpp:18:6: warning: 'this' pointer cannot be null in well-defined C++ code; comparison may be assumed to always evaluate to true [-Wtautological-undefined-compare]
Flavors: r-devel-linux-x86_64-debian-clang, r-devel-linux-x86_64-fedora-clang, r-release-osx-x86_64, r-oldrel-osx-x86_64

Version: 1.3-1
Check: installed package size
Result: NOTE
     installed size is 13.0Mb
     sub-directories of 1Mb or more:
     doc 1.6Mb
     libs 10.6Mb
Flavors: r-devel-linux-x86_64-fedora-clang, r-devel-windows-ix86+x86_64, r-release-windows-ix86+x86_64, r-release-osx-x86_64, r-oldrel-windows-ix86+x86_64, r-oldrel-osx-x86_64