CRAN Package Check Results for Package streamDAG

Last updated on 2024-06-13 06:58:20 CEST.

Flavor Version Tinstall Tcheck Ttotal Status Flags
r-devel-linux-x86_64-debian-clang 1.5 14.56 216.87 231.43 NOTE
r-devel-linux-x86_64-debian-gcc 1.5 0.58 1.84 2.42 ERROR
r-devel-linux-x86_64-fedora-clang 1.5 295.53 NOTE
r-devel-linux-x86_64-fedora-gcc 1.5 291.75 NOTE
r-devel-windows-x86_64 1.5 11.00 145.00 156.00 NOTE
r-patched-linux-x86_64 1.5 15.47 208.89 224.36 NOTE
r-release-linux-x86_64 1.5 11.83 202.55 214.38 NOTE
r-release-macos-arm64 1.5 110.00 NOTE
r-release-macos-x86_64 1.5 170.00 NOTE
r-release-windows-x86_64 1.5 12.00 149.00 161.00 NOTE
r-oldrel-macos-arm64 1.5 86.00 OK
r-oldrel-macos-x86_64 1.5 161.00 OK
r-oldrel-windows-x86_64 1.5 13.00 178.00 191.00 OK

Check Details

Version: 1.5
Check: Rd files
Result: NOTE checkRd: (-1) isle.Rd:38: Lost braces 38 | \code{\link[streamDAG]{stream.order}}, \code{\link[igraph]{delete.vertices}}, code{\link[igraph]{add.vertices}}, code{\link[igraph]{add.edges}} | ^ checkRd: (-1) isle.Rd:38: Lost braces 38 | \code{\link[streamDAG]{stream.order}}, \code{\link[igraph]{delete.vertices}}, code{\link[igraph]{add.vertices}}, code{\link[igraph]{add.edges}} | ^ Flavors: r-devel-linux-x86_64-debian-clang, r-devel-linux-x86_64-fedora-clang, r-devel-linux-x86_64-fedora-gcc, r-devel-windows-x86_64, r-patched-linux-x86_64, r-release-linux-x86_64, r-release-macos-arm64, r-release-macos-x86_64, r-release-windows-x86_64

Version: 1.5
Check: package dependencies
Result: ERROR Package required but not available: ‘igraph’ Packages suggested but not available for checking: 'ggplot2', 'devtools', 'ggrepel' See section ‘The DESCRIPTION file’ in the ‘Writing R Extensions’ manual. Flavor: r-devel-linux-x86_64-debian-gcc