CRAN Package Check Results for Package streamMOA

Last updated on 2019-10-17 05:47:18 CEST.

Flavor Version Tinstall Tcheck Ttotal Status Flags
r-devel-linux-x86_64-debian-clang 1.2-2 10.66 131.33 141.99 OK
r-devel-linux-x86_64-debian-gcc 1.2-2 9.03 104.33 113.36 OK
r-devel-linux-x86_64-fedora-clang 1.2-2 175.80 OK
r-devel-linux-x86_64-fedora-gcc 1.2-2 174.68 OK
r-devel-windows-ix86+x86_64 1.2-2 20.00 5.00 25.00 ERROR
r-patched-linux-x86_64 1.2-2 9.17 127.98 137.15 OK
r-release-linux-x86_64 1.2-2 9.33 132.41 141.74 OK
r-release-windows-ix86+x86_64 1.2-2 21.00 185.00 206.00 OK
r-release-osx-x86_64 1.2-2 OK
r-oldrel-windows-ix86+x86_64 1.2-2 13.00 133.00 146.00 OK
r-oldrel-osx-x86_64 1.2-2 OK

Check Details

Version: 1.2-2
Check: whether package can be installed
Result: ERROR
    Installation failed.
Flavor: r-devel-windows-ix86+x86_64