CRAN Package Check Results for Package stubthat

Last updated on 2021-10-16 05:51:39 CEST.

Flavor Version Tinstall Tcheck Ttotal Status Flags
r-devel-linux-x86_64-debian-clang 1.2.1 2.33 31.57 33.90 NOTE
r-devel-linux-x86_64-debian-gcc 1.2.1 1.96 24.72 26.68 NOTE
r-devel-linux-x86_64-fedora-clang 1.2.1 52.03 NOTE
r-devel-linux-x86_64-fedora-gcc 1.2.1 41.02 NOTE
r-devel-windows-x86_64 1.2.1 18.00 37.00 55.00 NOTE
r-devel-windows-x86_64-gcc10-UCRT 1.2.1 NOTE
r-patched-linux-x86_64 1.2.1 2.48 30.54 33.02 NOTE
r-patched-solaris-x86 1.2.1 61.60 NOTE
r-release-linux-x86_64 1.2.1 2.23 30.31 32.54 NOTE
r-release-macos-arm64 1.2.1 NOTE
r-release-macos-x86_64 1.2.1 NOTE
r-release-windows-ix86+x86_64 1.2.1 7.00 50.00 57.00 NOTE
r-oldrel-macos-x86_64 1.2.1 OK
r-oldrel-windows-ix86+x86_64 1.2.1 7.00 48.00 55.00 OK

Check Details

Version: 1.2.1
Check: LazyData
Result: NOTE
     'LazyData' is specified without a 'data' directory
Flavors: r-devel-linux-x86_64-debian-clang, r-devel-linux-x86_64-debian-gcc, r-devel-linux-x86_64-fedora-clang, r-devel-linux-x86_64-fedora-gcc, r-devel-windows-x86_64, r-devel-windows-x86_64-gcc10-UCRT, r-patched-linux-x86_64, r-patched-solaris-x86, r-release-linux-x86_64, r-release-macos-arm64, r-release-macos-x86_64, r-release-windows-ix86+x86_64