CRAN Package Check Results for Package sudachir

Last updated on 2024-06-14 06:53:49 CEST.

Flavor Version Tinstall Tcheck Ttotal Status Flags
r-devel-linux-x86_64-debian-clang 0.1.0 1.91 29.18 31.09 NOTE
r-devel-linux-x86_64-debian-gcc 0.1.0 1.16 23.14 24.30 NOTE
r-devel-linux-x86_64-fedora-clang 0.1.0 41.60 NOTE
r-devel-linux-x86_64-fedora-gcc 0.1.0 39.19 NOTE
r-devel-windows-x86_64 0.1.0 3.00 64.00 67.00 NOTE
r-patched-linux-x86_64 0.1.0 1.90 29.10 31.00 NOTE
r-release-linux-x86_64 0.1.0 2.04 29.02 31.06 NOTE
r-release-macos-arm64 0.1.0 17.00 NOTE
r-release-macos-x86_64 0.1.0 25.00 NOTE
r-release-windows-x86_64 0.1.0 3.00 69.00 72.00 NOTE
r-oldrel-macos-arm64 0.1.0 19.00 NOTE
r-oldrel-macos-x86_64 0.1.0 24.00 NOTE
r-oldrel-windows-x86_64 0.1.0 4.00 57.00 61.00 NOTE

Check Details

Version: 0.1.0
Check: LazyData
Result: NOTE 'LazyData' is specified without a 'data' directory Flavors: r-devel-linux-x86_64-debian-clang, r-devel-linux-x86_64-debian-gcc, r-devel-linux-x86_64-fedora-clang, r-devel-linux-x86_64-fedora-gcc, r-devel-windows-x86_64, r-patched-linux-x86_64, r-release-linux-x86_64, r-release-macos-arm64, r-release-macos-x86_64, r-release-windows-x86_64, r-oldrel-macos-arm64, r-oldrel-macos-x86_64, r-oldrel-windows-x86_64

Version: 0.1.0
Check: dependencies in R code
Result: NOTE Namespace in Imports field not imported from: ‘tidyselect’ All declared Imports should be used. Flavors: r-devel-linux-x86_64-fedora-clang, r-devel-linux-x86_64-fedora-gcc