CRAN Package Check Results for Package sudoku

Last updated on 2019-09-21 05:48:06 CEST.

Flavor Version Tinstall Tcheck Ttotal Status Flags
r-devel-linux-x86_64-debian-clang 2.6 2.22 18.68 20.90 NOTE
r-devel-linux-x86_64-debian-gcc 2.6 1.68 15.43 17.11 NOTE
r-devel-linux-x86_64-fedora-clang 2.6 27.37 NOTE
r-devel-linux-x86_64-fedora-gcc 2.6 26.57 NOTE
r-devel-windows-ix86+x86_64 2.6 8.00 30.00 38.00 NOTE
r-patched-linux-x86_64 2.6 2.06 18.58 20.64 NOTE
r-patched-solaris-x86 2.6 40.50 NOTE
r-release-linux-x86_64 2.6 1.95 18.74 20.69 NOTE
r-release-windows-ix86+x86_64 2.6 5.00 47.00 52.00 NOTE
r-release-osx-x86_64 2.6 NOTE
r-oldrel-windows-ix86+x86_64 2.6 3.00 32.00 35.00 NOTE
r-oldrel-osx-x86_64 2.6 NOTE

Check Details

Version: 2.6
Check: dependencies in R code
Result: NOTE
    'library' or 'require' call to 'tkrplot' in package code.
     Please use :: or requireNamespace() instead.
     See section 'Suggested packages' in the 'Writing R Extensions' manual.
Flavors: r-devel-linux-x86_64-debian-clang, r-devel-linux-x86_64-debian-gcc, r-devel-linux-x86_64-fedora-clang, r-devel-linux-x86_64-fedora-gcc, r-devel-windows-ix86+x86_64, r-patched-linux-x86_64, r-patched-solaris-x86, r-release-linux-x86_64, r-release-windows-ix86+x86_64, r-release-osx-x86_64, r-oldrel-windows-ix86+x86_64, r-oldrel-osx-x86_64

Version: 2.6
Check: R code for possible problems
Result: NOTE
    playSudoku : replot: no visible global function definition for 'par'
    playSudoku : replot: no visible global function definition for 'plot'
    playSudoku : replot: no visible global function definition for
     'segments'
    playSudoku : replot: no visible global function definition for 'text'
    playSudoku: no visible global function definition for 'tktoplevel'
    playSudoku: no visible global function definition for 'tkwm.title'
    playSudoku: no visible global function definition for 'tkrplot'
    playSudoku: no visible global function definition for 'tktext'
    playSudoku: no visible global function definition for 'tkscrollbar'
    playSudoku : <anonymous>: no visible global function definition for
     'tkyview'
    playSudoku: no visible global function definition for 'tkconfigure'
    playSudoku : <anonymous>: no visible global function definition for
     'tkset'
    playSudoku: no visible global function definition for 'tkpack'
    playSudoku: no visible global function definition for 'tcl'
    playSudoku: no visible global function definition for 'tkcget'
    playSudoku : showz: no visible global function definition for
     'tkrreplot'
    playSudoku : type: no visible global function definition for 'tkinsert'
    playSudoku : type: no visible global function definition for 'tksee'
    playSudoku : kb: no visible global function definition for 'tkdestroy'
    playSudoku: no visible global function definition for
     'getGraphicsEvent'
    playSudoku: no visible global function definition for 'tkbind'
    playSudoku: no visible global function definition for 'tkwait.window'
    Undefined global functions or variables:
     getGraphicsEvent par plot segments tcl text tkbind tkcget tkconfigure
     tkdestroy tkinsert tkpack tkrplot tkrreplot tkscrollbar tksee tkset
     tktext tktoplevel tkwait.window tkwm.title tkyview
    Consider adding
     importFrom("grDevices", "getGraphicsEvent")
     importFrom("graphics", "par", "plot", "segments", "text")
    to your NAMESPACE file.
Flavors: r-devel-linux-x86_64-debian-clang, r-devel-linux-x86_64-debian-gcc, r-devel-linux-x86_64-fedora-clang, r-devel-linux-x86_64-fedora-gcc, r-devel-windows-ix86+x86_64, r-patched-linux-x86_64, r-patched-solaris-x86, r-release-linux-x86_64, r-release-windows-ix86+x86_64, r-release-osx-x86_64, r-oldrel-windows-ix86+x86_64, r-oldrel-osx-x86_64