CRAN Package Check Results for Package sundialr

Last updated on 2021-01-16 05:47:21 CET.

Flavor Version Tinstall Tcheck Ttotal Status Flags
r-devel-linux-x86_64-debian-clang 0.1.4 93.15 45.15 138.30 OK
r-devel-linux-x86_64-debian-gcc 0.1.4 56.50 32.21 88.71 OK
r-devel-linux-x86_64-fedora-clang 0.1.4 205.35 NOTE
r-devel-linux-x86_64-fedora-gcc 0.1.4 160.38 OK
r-devel-windows-ix86+x86_64 0.1.4 150.00 93.00 243.00 OK
r-patched-linux-x86_64 0.1.4 69.04 39.62 108.66 OK
r-patched-solaris-x86 0.1.4 170.60 OK
r-release-linux-x86_64 0.1.4 68.59 39.77 108.36 OK
r-release-macos-x86_64 0.1.4 NOTE
r-release-windows-ix86+x86_64 0.1.4 213.00 89.00 302.00 OK
r-oldrel-macos-x86_64 0.1.4 NOTE
r-oldrel-windows-ix86+x86_64 0.1.4 193.00 70.00 263.00 OK

Check Details

Version: 0.1.4
Check: installed package size
Result: NOTE
     installed size is 6.9Mb
     sub-directories of 1Mb or more:
     libs 3.6Mb
Flavors: r-devel-linux-x86_64-fedora-clang, r-release-macos-x86_64, r-oldrel-macos-x86_64