CRAN Package Check Results for Package supc

Last updated on 2022-08-12 05:53:00 CEST.

Flavor Version Tinstall Tcheck Ttotal Status Flags
r-devel-linux-x86_64-debian-clang 0.2.6.2 37.71 394.45 432.16 OK
r-devel-linux-x86_64-debian-gcc 0.2.6.2 28.62 261.29 289.91 OK
r-devel-linux-x86_64-fedora-clang 0.2.6.2 548.88 OK
r-devel-linux-x86_64-fedora-gcc 0.2.6.2 543.76 OK
r-devel-windows-x86_64 0.2.6.2 51.00 526.00 577.00 OK
r-patched-linux-x86_64 0.2.6.2 32.57 390.71 423.28 OK
r-release-linux-x86_64 0.2.6.2 33.56 388.55 422.11 OK
r-release-macos-arm64 0.2.6.2 132.00 OK
r-release-macos-x86_64 0.2.6.2 202.00 OK
r-release-windows-x86_64 0.2.6.2 50.00 552.00 602.00 OK
r-oldrel-macos-arm64 0.2.6.2 123.00 OK
r-oldrel-macos-x86_64 0.2.6.2 217.00 OK
r-oldrel-windows-ix86+x86_64 0.2.6.2 97.00 652.00 749.00 NOTE

Check Details

Version: 0.2.6.2
Check: installed package size
Result: NOTE
     installed size is 5.5Mb
     sub-directories of 1Mb or more:
     doc 1.4Mb
     libs 2.4Mb
Flavor: r-oldrel-windows-ix86+x86_64