Last updated on 2023-02-09 05:54:24 CET.
Flavor | Version | Tinstall | Tcheck | Ttotal | Status | Flags |
---|---|---|---|---|---|---|
r-devel-linux-x86_64-debian-clang | 0.9.1 | 14.58 | 64.72 | 79.30 | NOTE | |
r-devel-linux-x86_64-debian-gcc | 0.9.1 | 11.54 | 47.54 | 59.08 | NOTE | |
r-devel-linux-x86_64-fedora-clang | 0.9.1 | 101.28 | NOTE | |||
r-devel-linux-x86_64-fedora-gcc | 0.9.1 | 102.90 | NOTE | |||
r-devel-windows-x86_64 | 0.9.1 | 30.00 | 111.00 | 141.00 | NOTE | |
r-patched-linux-x86_64 | 0.9.1 | 12.13 | 61.96 | 74.09 | OK | |
r-release-linux-x86_64 | 0.9.1 | 11.64 | 63.88 | 75.52 | OK | |
r-release-macos-arm64 | 0.9.1 | 33.00 | OK | |||
r-release-macos-x86_64 | 0.9.1 | 58.00 | OK | |||
r-release-windows-x86_64 | 0.9.1 | 29.00 | 118.00 | 147.00 | OK | |
r-oldrel-macos-arm64 | 0.9.1 | 32.00 | OK | |||
r-oldrel-macos-x86_64 | 0.9.1 | 53.00 | OK | |||
r-oldrel-windows-ix86+x86_64 | 0.9.1 | 37.00 | 152.00 | 189.00 | OK |
Version: 0.9.1
Check: C++ specification
Result: NOTE
Specified C++11: please update to current default of C++17
Flavor: r-devel-linux-x86_64-debian-clang
Version: 0.9.1
Check: C++ specification
Result: NOTE
Specified C++11: please drop specification unless essential
Flavors: r-devel-linux-x86_64-debian-gcc, r-devel-linux-x86_64-fedora-clang, r-devel-linux-x86_64-fedora-gcc, r-devel-windows-x86_64