CRAN Package Check Results for Package superheat

Last updated on 2021-11-29 05:50:00 CET.

Flavor Version Tinstall Tcheck Ttotal Status Flags
r-devel-linux-x86_64-debian-clang 0.1.0 NOTE
r-devel-linux-x86_64-debian-gcc 0.1.0 3.65 98.51 102.16 NOTE
r-devel-linux-x86_64-fedora-clang 0.1.0 170.69 NOTE
r-devel-linux-x86_64-fedora-gcc 0.1.0 165.45 NOTE
r-devel-windows-x86_64-new-UL 0.1.0 10.00 166.00 176.00 NOTE
r-devel-windows-x86_64-new-TK 0.1.0 NOTE
r-devel-windows-x86_64-old 0.1.0 6.00 169.00 175.00 NOTE
r-patched-linux-x86_64 0.1.0 5.17 126.01 131.18 NOTE
r-patched-solaris-x86 0.1.0 187.40 NOTE
r-release-linux-x86_64 0.1.0 3.89 126.19 130.08 NOTE
r-release-macos-arm64 0.1.0 NOTE
r-release-macos-x86_64 0.1.0 NOTE
r-release-windows-ix86+x86_64 0.1.0 9.00 117.00 126.00 NOTE
r-oldrel-macos-x86_64 0.1.0 OK
r-oldrel-windows-ix86+x86_64 0.1.0 19.00 171.00 190.00 OK

Check Details

Version: 0.1.0
Check: LazyData
Result: NOTE
     'LazyData' is specified without a 'data' directory
Flavors: r-devel-linux-x86_64-debian-clang, r-devel-linux-x86_64-debian-gcc, r-devel-linux-x86_64-fedora-clang, r-devel-linux-x86_64-fedora-gcc, r-devel-windows-x86_64-new-UL, r-devel-windows-x86_64-new-TK, r-devel-windows-x86_64-old, r-patched-linux-x86_64, r-patched-solaris-x86, r-release-linux-x86_64, r-release-macos-arm64, r-release-macos-x86_64, r-release-windows-ix86+x86_64