CRAN Package Check Results for Package survMisc

Last updated on 2019-12-15 05:47:56 CET.

Flavor Version Tinstall Tcheck Ttotal Status Flags
r-devel-linux-x86_64-debian-clang 0.5.5 10.49 121.04 131.53 OK
r-devel-linux-x86_64-debian-gcc 0.5.5 9.54 103.20 112.74 OK
r-devel-linux-x86_64-fedora-clang 0.5.5 145.24 OK
r-devel-linux-x86_64-fedora-gcc 0.5.5 131.00 OK
r-devel-windows-ix86+x86_64 0.5.5 22.00 144.00 166.00 OK
r-devel-windows-ix86+x86_64-gcc8 0.5.5 17.00 153.00 170.00 OK
r-patched-linux-x86_64 0.5.5 9.52 114.58 124.10 OK
r-patched-solaris-x86 0.5.5 187.80 OK
r-release-linux-x86_64 0.5.5 10.14 111.40 121.54 OK
r-release-windows-ix86+x86_64 0.5.5 17.00 102.00 119.00 OK
r-release-osx-x86_64 0.5.5 OK
r-oldrel-windows-ix86+x86_64 0.5.5 12.00 101.00 113.00 WARN
r-oldrel-osx-x86_64 0.5.5 OK

Check Details

Version: 0.5.5
Check: whether package can be installed
Result: WARN
    Found the following significant warnings:
     Warning: S3 methods '[.fun_list', '[.grouped_df', 'all.equal.tbl_df', 'anti_join.data.frame', 'anti_join.tbl_df', 'arrange.data.frame', 'arrange.default', 'arrange.grouped_df', 'arrange.tbl_df', 'arrange_.data.frame', 'arrange_.tbl_df', 'as.data.frame.grouped_df', 'as.data.frame.rowwise_df', 'as.data.frame.tbl_cube', 'as.table.tbl_cube', 'as.tbl.data.frame', 'as.tbl.tbl', 'as.tbl_cube.array', 'as.tbl_cube.data.frame', 'as.tbl_cube.matrix', 'as.tbl_cube.table', 'as_tibble.grouped_df', 'as_tibble.tbl_cube', 'auto_copy.tbl_cube', 'auto_copy.tbl_df', 'cbind.grouped_df', 'collapse.data.frame', 'collect.data.frame', 'common_by.NULL', 'common_by.character', 'common_by.default', 'common_by.list', 'compute.data.frame', 'copy_to.DBIConnection', 'copy_to.src_local', 'default_missing.data.frame', 'default_missing.default', 'dim.tbl_cube', 'distinct.data.frame', 'distinct.default', 'distinct.grouped_df', 'distinct.tbl_df', 'distinct_.data.frame', 'distinct_.grouped_df', 'distinct_.tbl_df', 'do.NULL', 'do.da [... truncated]
Flavor: r-oldrel-windows-ix86+x86_64