CRAN Package Check Results for Package survRM2

Last updated on 2021-07-23 05:52:09 CEST.

Flavor Version Tinstall Tcheck Ttotal Status Flags
r-devel-linux-x86_64-debian-clang 1.0-3 8.13 76.56 84.69 NOTE
r-devel-linux-x86_64-debian-gcc 1.0-3 6.04 59.54 65.58 NOTE
r-devel-linux-x86_64-fedora-clang 1.0-3 108.05 NOTE
r-devel-linux-x86_64-fedora-gcc 1.0-3 97.94 NOTE
r-devel-windows-x86_64 1.0-3 9.00 73.00 82.00 NOTE
r-devel-windows-x86_64-gcc10-UCRT 1.0-3 NOTE
r-patched-linux-x86_64 1.0-3 7.24 73.20 80.44 NOTE
r-patched-solaris-x86 1.0-3 148.20 NOTE
r-release-linux-x86_64 1.0-3 5.66 73.56 79.22 NOTE
r-release-macos-arm64 1.0-3 NOTE
r-release-macos-x86_64 1.0-3 NOTE
r-release-windows-ix86+x86_64 1.0-3 16.00 98.00 114.00 NOTE
r-oldrel-macos-x86_64 1.0-3 OK
r-oldrel-windows-ix86+x86_64 1.0-3 16.00 99.00 115.00 OK

Check Details

Version: 1.0-3
Check: LazyData
Result: NOTE
     'LazyData' is specified without a 'data' directory
Flavors: r-devel-linux-x86_64-debian-clang, r-devel-linux-x86_64-debian-gcc, r-devel-linux-x86_64-fedora-clang, r-devel-linux-x86_64-fedora-gcc, r-devel-windows-x86_64, r-devel-windows-x86_64-gcc10-UCRT, r-patched-linux-x86_64, r-patched-solaris-x86, r-release-linux-x86_64, r-release-macos-arm64, r-release-macos-x86_64, r-release-windows-ix86+x86_64