CRAN Package Check Results for Package survivalROC

Last updated on 2024-07-19 06:50:29 CEST.

Flavor Version Tinstall Tcheck Ttotal Status Flags
r-devel-linux-x86_64-debian-clang 1.0.3.1 2.98 24.20 27.18 OK
r-devel-linux-x86_64-debian-gcc 1.0.3.1 2.11 18.05 20.16 OK
r-devel-linux-x86_64-fedora-clang 1.0.3.1 34.73 NOTE
r-devel-linux-x86_64-fedora-gcc 1.0.3.1 31.28 NOTE
r-devel-windows-x86_64 1.0.3.1 4.00 40.00 44.00 OK
r-patched-linux-x86_64 1.0.3.1 2.22 22.78 25.00 OK
r-release-linux-x86_64 1.0.3.1 2.75 22.76 25.51 OK
r-release-macos-arm64 1.0.3.1 16.00 OK
r-release-macos-x86_64 1.0.3.1 21.00 OK
r-release-windows-x86_64 1.0.3.1 5.00 37.00 42.00 OK
r-oldrel-macos-arm64 1.0.3.1 16.00 OK
r-oldrel-macos-x86_64 1.0.3.1 20.00 OK
r-oldrel-windows-x86_64 1.0.3.1 6.00 39.00 45.00 OK

Check Details

Version: 1.0.3.1
Check: compiled code
Result: NOTE File ‘survivalROC/libs/survivalROC.so’: Found no calls to: ‘R_registerRoutines’, ‘R_useDynamicSymbols’ It is good practice to register native routines and to disable symbol search. See ‘Writing portable packages’ in the ‘Writing R Extensions’ manual. Flavors: r-devel-linux-x86_64-fedora-clang, r-devel-linux-x86_64-fedora-gcc