CRAN Package Check Results for Package svUnit

Last updated on 2020-04-09 05:48:53 CEST.

Flavor Version Tinstall Tcheck Ttotal Status Flags
r-devel-linux-x86_64-debian-clang 0.7-12 3.78 32.92 36.70 NOTE
r-devel-linux-x86_64-debian-gcc 0.7-12 3.00 25.93 28.93 NOTE
r-devel-linux-x86_64-fedora-clang 0.7-12 46.08 NOTE
r-devel-linux-x86_64-fedora-gcc 0.7-12 43.33 NOTE
r-devel-windows-ix86+x86_64 0.7-12 7.00 76.00 83.00 NOTE
r-devel-windows-ix86+x86_64-gcc8 0.7-12 6.00 46.00 52.00 NOTE
r-patched-linux-x86_64 0.7-12 3.15 32.32 35.47 NOTE
r-patched-solaris-x86 0.7-12 63.30 NOTE
r-release-linux-x86_64 0.7-12 3.04 30.88 33.92 NOTE
r-release-windows-ix86+x86_64 0.7-12 5.00 67.00 72.00 NOTE
r-release-osx-x86_64 0.7-12 NOTE
r-oldrel-windows-ix86+x86_64 0.7-12 7.00 53.00 60.00 NOTE
r-oldrel-osx-x86_64 0.7-12 NOTE

Check Details

Version: 0.7-12
Check: DESCRIPTION meta-information
Result: NOTE
    Malformed Description field: should contain one or more complete sentences.
Flavors: r-devel-linux-x86_64-debian-clang, r-devel-linux-x86_64-debian-gcc, r-devel-linux-x86_64-fedora-clang, r-devel-linux-x86_64-fedora-gcc, r-devel-windows-ix86+x86_64, r-devel-windows-ix86+x86_64-gcc8, r-patched-linux-x86_64, r-patched-solaris-x86, r-release-linux-x86_64, r-release-windows-ix86+x86_64, r-release-osx-x86_64, r-oldrel-windows-ix86+x86_64, r-oldrel-osx-x86_64

Version: 0.7-12
Check: dependencies in R code
Result: NOTE
    'library' or 'require' call to 'XML' in package code.
     Please use :: or requireNamespace() instead.
     See section 'Suggested packages' in the 'Writing R Extensions' manual.
Flavors: r-devel-linux-x86_64-debian-clang, r-devel-linux-x86_64-debian-gcc, r-devel-linux-x86_64-fedora-clang, r-devel-linux-x86_64-fedora-gcc, r-devel-windows-ix86+x86_64, r-devel-windows-ix86+x86_64-gcc8, r-patched-linux-x86_64, r-patched-solaris-x86, r-release-linux-x86_64, r-release-windows-ix86+x86_64, r-release-osx-x86_64, r-oldrel-windows-ix86+x86_64, r-oldrel-osx-x86_64

Version: 0.7-12
Check: R code for possible problems
Result: NOTE
    .formatResult : capture.str: no visible global function definition for
     'str'
    createLog: no visible global function definition for 'sessionInfo'
    protocol_junit.svSuiteData: no visible global function definition for
     'xmlNode'
    protocol_junit.svSuiteData: no visible global function definition for
     'addChildren'
    protocol_junit.svSuiteData: no visible global function definition for
     'saveXML'
    protocol_junit.svTestData: no visible global function definition for
     'xmlNode'
    protocol_junit.svTestData: no visible global function definition for
     'addChildren'
    Undefined global functions or variables:
     addChildren saveXML sessionInfo str xmlNode
    Consider adding
     importFrom("utils", "sessionInfo", "str")
    to your NAMESPACE file.
Flavors: r-devel-linux-x86_64-debian-clang, r-devel-linux-x86_64-debian-gcc, r-devel-linux-x86_64-fedora-clang, r-devel-linux-x86_64-fedora-gcc, r-devel-windows-ix86+x86_64, r-devel-windows-ix86+x86_64-gcc8, r-patched-linux-x86_64, r-patched-solaris-x86, r-release-linux-x86_64, r-release-windows-ix86+x86_64, r-release-osx-x86_64, r-oldrel-windows-ix86+x86_64, r-oldrel-osx-x86_64