CRAN Package Check Results for Package svapls

Last updated on 2019-10-19 05:47:34 CEST.

Flavor Version Tinstall Tcheck Ttotal Status Flags
r-devel-linux-x86_64-debian-clang 1.4 2.33 39.16 41.49 NOTE
r-devel-linux-x86_64-debian-gcc 1.4 2.33 30.17 32.50 NOTE
r-devel-linux-x86_64-fedora-clang 1.4 51.95 NOTE
r-devel-linux-x86_64-fedora-gcc 1.4 49.26 NOTE
r-devel-windows-ix86+x86_64 1.4 10.00 49.00 59.00 NOTE
r-patched-linux-x86_64 1.4 2.33 38.16 40.49 NOTE
r-patched-solaris-x86 1.4 87.70 NOTE
r-release-linux-x86_64 1.4 2.59 38.14 40.73 NOTE
r-release-windows-ix86+x86_64 1.4 6.00 75.00 81.00 NOTE
r-release-osx-x86_64 1.4 NOTE
r-oldrel-windows-ix86+x86_64 1.4 2.00 54.00 56.00 NOTE
r-oldrel-osx-x86_64 1.4 NOTE

Check Details

Version: 1.4
Check: DESCRIPTION meta-information
Result: NOTE
    Malformed Title field: should not end in a period.
Flavors: r-devel-linux-x86_64-debian-clang, r-devel-linux-x86_64-debian-gcc, r-devel-linux-x86_64-fedora-clang, r-devel-linux-x86_64-fedora-gcc, r-devel-windows-ix86+x86_64, r-patched-linux-x86_64, r-patched-solaris-x86, r-release-linux-x86_64, r-release-windows-ix86+x86_64, r-release-osx-x86_64, r-oldrel-windows-ix86+x86_64, r-oldrel-osx-x86_64

Version: 1.4
Check: R code for possible problems
Result: NOTE
    fitModel: no visible global function definition for 'var'
    fitModel: no visible global function definition for 'cov'
    svpls: no visible global function definition for 'pt'
    Undefined global functions or variables:
     cov pt var
    Consider adding
     importFrom("stats", "cov", "pt", "var")
    to your NAMESPACE file.
Flavors: r-devel-linux-x86_64-debian-clang, r-devel-linux-x86_64-debian-gcc, r-devel-linux-x86_64-fedora-clang, r-devel-linux-x86_64-fedora-gcc, r-devel-windows-ix86+x86_64, r-patched-linux-x86_64, r-patched-solaris-x86, r-release-linux-x86_64, r-release-windows-ix86+x86_64, r-release-osx-x86_64, r-oldrel-windows-ix86+x86_64, r-oldrel-osx-x86_64