CRAN Package Check Results for Package svapls

Last updated on 2020-05-30 05:48:19 CEST.

Flavor Version Tinstall Tcheck Ttotal Status Flags
r-devel-linux-x86_64-debian-clang 1.4 3.27 42.63 45.90 WARN
r-devel-linux-x86_64-debian-gcc 1.4 2.50 32.09 34.59 WARN
r-devel-linux-x86_64-fedora-clang 1.4 60.94 WARN
r-devel-linux-x86_64-fedora-gcc 1.4 53.78 WARN
r-devel-windows-ix86+x86_64 1.4 8.00 59.00 67.00 WARN
r-patched-linux-x86_64 1.4 2.92 41.13 44.05 NOTE
r-patched-solaris-x86 1.4 93.80 NOTE
r-release-linux-x86_64 1.4 3.04 41.57 44.61 NOTE
r-release-osx-x86_64 1.4 NOTE
r-release-windows-ix86+x86_64 1.4 6.00 67.00 73.00 NOTE
r-oldrel-osx-x86_64 1.4 NOTE
r-oldrel-windows-ix86+x86_64 1.4 10.00 52.00 62.00 NOTE

Check Details

Version: 1.4
Check: whether package can be installed
Result: WARN
    Found the following significant warnings:
     Warning: S4 exports specified in 'NAMESPACE' but not defined in package 'svapls'
Flavors: r-devel-linux-x86_64-debian-clang, r-devel-windows-ix86+x86_64

Version: 1.4
Check: DESCRIPTION meta-information
Result: NOTE
    Malformed Title field: should not end in a period.
Flavors: r-devel-linux-x86_64-debian-clang, r-devel-linux-x86_64-debian-gcc, r-devel-linux-x86_64-fedora-clang, r-devel-linux-x86_64-fedora-gcc, r-devel-windows-ix86+x86_64, r-patched-linux-x86_64, r-patched-solaris-x86, r-release-linux-x86_64, r-release-osx-x86_64, r-release-windows-ix86+x86_64, r-oldrel-osx-x86_64, r-oldrel-windows-ix86+x86_64

Version: 1.4
Check: whether the namespace can be loaded with stated dependencies
Result: NOTE
    Warning: S4 exports specified in 'NAMESPACE' but not defined in package 'svapls'
    
    A namespace must be able to be loaded with just the base namespace
    loaded: otherwise if the namespace gets loaded by a saved object, the
    session will be unable to start.
    
    Probably some imports need to be declared in the NAMESPACE file.
Flavors: r-devel-linux-x86_64-debian-clang, r-devel-windows-ix86+x86_64

Version: 1.4
Check: R code for possible problems
Result: NOTE
    fitModel: no visible global function definition for 'var'
    fitModel: no visible global function definition for 'cov'
    svpls: no visible global function definition for 'pt'
    Undefined global functions or variables:
     cov pt var
    Consider adding
     importFrom("stats", "cov", "pt", "var")
    to your NAMESPACE file.
Flavors: r-devel-linux-x86_64-debian-clang, r-devel-linux-x86_64-debian-gcc, r-devel-linux-x86_64-fedora-clang, r-devel-linux-x86_64-fedora-gcc, r-devel-windows-ix86+x86_64, r-patched-linux-x86_64, r-patched-solaris-x86, r-release-linux-x86_64, r-release-osx-x86_64, r-release-windows-ix86+x86_64, r-oldrel-osx-x86_64, r-oldrel-windows-ix86+x86_64

Version: 1.4
Check: whether the namespace can be loaded with stated dependencies
Result: WARN
    Warning: S4 exports specified in 'NAMESPACE' but not defined in package ‘svapls’
Flavors: r-devel-linux-x86_64-debian-gcc, r-devel-linux-x86_64-fedora-clang, r-devel-linux-x86_64-fedora-gcc