CRAN Package Check Results for Package svs

Last updated on 2022-11-27 05:51:45 CET.

Flavor Version Tinstall Tcheck Ttotal Status Flags
r-devel-linux-x86_64-debian-clang 3.0.0 9.16 89.44 98.60 NOTE
r-devel-linux-x86_64-debian-gcc 3.0.0 7.87 66.69 74.56 NOTE
r-devel-linux-x86_64-fedora-clang 3.0.0 131.56 NOTE
r-devel-linux-x86_64-fedora-gcc 3.0.0 125.95 NOTE
r-devel-windows-x86_64 3.0.0 23.00 127.00 150.00 NOTE
r-patched-linux-x86_64 3.0.0 6.72 83.50 90.22 NOTE
r-release-linux-x86_64 3.0.0 7.67 85.11 92.78 NOTE
r-release-macos-arm64 3.0.0 35.00 NOTE
r-release-macos-x86_64 3.0.0 49.00 NOTE
r-release-windows-x86_64 3.0.0 27.00 121.00 148.00 NOTE
r-oldrel-macos-arm64 3.0.0 41.00 NOTE
r-oldrel-macos-x86_64 3.0.0 67.00 NOTE
r-oldrel-windows-ix86+x86_64 3.0.0 19.00 111.00 130.00 NOTE

Check Details

Version: 3.0.0
Check: LazyData
Result: NOTE
     'LazyData' is specified without a 'data' directory
Flavors: r-devel-linux-x86_64-debian-clang, r-devel-linux-x86_64-debian-gcc, r-devel-linux-x86_64-fedora-clang, r-devel-linux-x86_64-fedora-gcc, r-devel-windows-x86_64, r-patched-linux-x86_64, r-release-linux-x86_64, r-release-macos-arm64, r-release-macos-x86_64, r-release-windows-x86_64, r-oldrel-macos-arm64, r-oldrel-macos-x86_64, r-oldrel-windows-ix86+x86_64