CRAN Package Check Results for Package svyPVpack

Last updated on 2019-11-20 05:47:22 CET.

Flavor Version Tinstall Tcheck Ttotal Status Flags
r-devel-linux-x86_64-debian-clang 0.1-1 8.26 72.36 80.62 NOTE
r-devel-linux-x86_64-debian-gcc 0.1-1 7.57 58.85 66.42 NOTE
r-devel-linux-x86_64-fedora-clang 0.1-1 93.89 NOTE
r-devel-linux-x86_64-fedora-gcc 0.1-1 97.09 NOTE
r-devel-windows-ix86+x86_64 0.1-1 22.00 106.00 128.00 NOTE
r-devel-windows-ix86+x86_64-gcc8 0.1-1 16.00 87.00 103.00 NOTE
r-patched-linux-x86_64 0.1-1 8.17 69.05 77.22 NOTE
r-patched-solaris-x86 0.1-1 143.90 NOTE
r-release-linux-x86_64 0.1-1 8.86 68.06 76.92 NOTE
r-release-windows-ix86+x86_64 0.1-1 21.00 121.00 142.00 NOTE
r-release-osx-x86_64 0.1-1 NOTE
r-oldrel-windows-ix86+x86_64 0.1-1 8.00 105.00 113.00 NOTE
r-oldrel-osx-x86_64 0.1-1 NOTE

Check Details

Version: 0.1-1
Check: R code for possible problems
Result: NOTE
    additional_comp: no visible global function definition for 'aggregate'
    additional_compPV : <anonymous>: no visible global function definition
     for 'aggregate'
    cor.aux.func : <anonymous>: no visible global function definition for
     'cov.wt'
    eta.func : <anonymous>: no visible global function definition for 'lm'
    eta.func : <anonymous>: no visible global function definition for
     'anova'
    glm.dummy.no.std: no visible global function definition for
     'as.formula'
    pv_by: no visible binding for global variable 'var'
    pv_perc: no visible binding for global variable 'var'
    pv_quantile: no visible binding for global variable 'var'
    svyPVcor: no visible global function definition for 'update'
    svyPVcor: no visible global function definition for 'var'
    svyPVeta: no visible global function definition for 'update'
    svyPVeta: no visible global function definition for 'var'
    svyPVglm: no visible global function definition for 'gaussian'
    svyPVglm: no visible binding for global variable 'as.formula'
    svyPVglm: no visible binding for global variable 'var'
    svyPVglm: no visible global function definition for 'pt'
    svyPVttest: no visible binding for global variable 'as.formula'
    svyPVttest: no visible global function definition for 'var'
    svyPVttest: no visible global function definition for 'pt'
    svyPVttest: no visible binding for global variable 'var'
    t.test.aux: no visible global function definition for 'as.formula'
    t.test.aux: no visible global function definition for 'complete.cases'
    Undefined global functions or variables:
     aggregate anova as.formula complete.cases cov.wt gaussian lm pt
     update var
    Consider adding
     importFrom("stats", "aggregate", "anova", "as.formula",
     "complete.cases", "cov.wt", "gaussian", "lm", "pt",
     "update", "var")
    to your NAMESPACE file.
Flavors: r-devel-linux-x86_64-debian-clang, r-devel-linux-x86_64-debian-gcc, r-devel-linux-x86_64-fedora-clang, r-devel-linux-x86_64-fedora-gcc, r-devel-windows-ix86+x86_64, r-devel-windows-ix86+x86_64-gcc8, r-patched-linux-x86_64, r-patched-solaris-x86, r-release-linux-x86_64, r-release-windows-ix86+x86_64, r-release-osx-x86_64, r-oldrel-windows-ix86+x86_64, r-oldrel-osx-x86_64