CRAN Package Check Results for Package swdft

Last updated on 2021-09-27 05:51:39 CEST.

Flavor Version Tinstall Tcheck Ttotal Status Flags
r-devel-linux-x86_64-debian-clang 1.0.0 3.31 222.63 225.94 NOTE
r-devel-linux-x86_64-debian-gcc 1.0.0 2.59 156.49 159.08 NOTE
r-devel-linux-x86_64-fedora-clang 1.0.0 260.17 NOTE
r-devel-linux-x86_64-fedora-gcc 1.0.0 262.17 NOTE
r-devel-windows-x86_64 1.0.0 5.00 187.00 192.00 NOTE
r-devel-windows-x86_64-gcc10-UCRT 1.0.0 NOTE
r-patched-linux-x86_64 1.0.0 4.22 213.43 217.65 NOTE
r-patched-solaris-x86 1.0.0 310.90 NOTE
r-release-linux-x86_64 1.0.0 3.44 210.50 213.94 NOTE
r-release-macos-arm64 1.0.0 NOTE
r-release-macos-x86_64 1.0.0 NOTE
r-release-windows-ix86+x86_64 1.0.0 7.00 181.00 188.00 NOTE
r-oldrel-macos-x86_64 1.0.0 OK
r-oldrel-windows-ix86+x86_64 1.0.0 9.00 200.00 209.00 OK

Check Details

Version: 1.0.0
Check: LazyData
Result: NOTE
     'LazyData' is specified without a 'data' directory
Flavors: r-devel-linux-x86_64-debian-clang, r-devel-linux-x86_64-debian-gcc, r-devel-linux-x86_64-fedora-clang, r-devel-linux-x86_64-fedora-gcc, r-devel-windows-x86_64, r-devel-windows-x86_64-gcc10-UCRT, r-patched-linux-x86_64, r-patched-solaris-x86, r-release-linux-x86_64, r-release-macos-arm64, r-release-macos-x86_64, r-release-windows-ix86+x86_64