CRAN Package Check Results for Package swirl

Last updated on 2024-06-17 06:50:33 CEST.

Flavor Version Tinstall Tcheck Ttotal Status Flags
r-devel-linux-x86_64-debian-clang 2.4.5 9.63 63.91 73.54 NOTE
r-devel-linux-x86_64-debian-gcc 2.4.5 6.02 47.60 53.62 NOTE
r-devel-linux-x86_64-fedora-clang 2.4.5 89.14 NOTE
r-devel-linux-x86_64-fedora-gcc 2.4.5 82.79 NOTE
r-devel-windows-x86_64 2.4.5 7.00 83.00 90.00 NOTE
r-patched-linux-x86_64 2.4.5 6.69 58.82 65.51 NOTE
r-release-linux-x86_64 2.4.5 4.98 61.46 66.44 NOTE
r-release-macos-arm64 2.4.5 30.00 NOTE
r-release-macos-x86_64 2.4.5 43.00 NOTE
r-release-windows-x86_64 2.4.5 7.00 87.00 94.00 NOTE
r-oldrel-macos-arm64 2.4.5 31.00 NOTE
r-oldrel-macos-x86_64 2.4.5 50.00 NOTE
r-oldrel-windows-x86_64 2.4.5 11.00 90.00 101.00 NOTE

Check Details

Version: 2.4.5
Check: LazyData
Result: NOTE 'LazyData' is specified without a 'data' directory Flavors: r-devel-linux-x86_64-debian-clang, r-devel-linux-x86_64-debian-gcc, r-devel-linux-x86_64-fedora-clang, r-devel-linux-x86_64-fedora-gcc, r-devel-windows-x86_64, r-patched-linux-x86_64, r-release-linux-x86_64, r-release-macos-arm64, r-release-macos-x86_64, r-release-windows-x86_64, r-oldrel-macos-arm64, r-oldrel-macos-x86_64, r-oldrel-windows-x86_64