CRAN Package Check Results for Package sybilccFBA

Last updated on 2021-10-22 06:00:02 CEST.

Flavor Version Tinstall Tcheck Ttotal Status Flags
r-devel-linux-x86_64-debian-clang 3.0.1 14.28 93.14 107.42 OK
r-devel-linux-x86_64-debian-gcc 3.0.1 12.93 71.69 84.62 OK
r-devel-linux-x86_64-fedora-clang 3.0.1 148.51 NOTE
r-devel-linux-x86_64-fedora-gcc 3.0.1 134.77 NOTE
r-devel-windows-x86_64 3.0.1 26.00 101.00 127.00 NOTE
r-devel-windows-x86_64-gcc10-UCRT 3.0.1 NOTE
r-patched-linux-x86_64 3.0.1 18.55 90.90 109.45 OK
r-patched-solaris-x86 3.0.1 199.70 NOTE
r-release-linux-x86_64 3.0.1 13.69 90.25 103.94 OK
r-release-macos-arm64 3.0.1 NOTE
r-release-macos-x86_64 3.0.1 NOTE
r-release-windows-ix86+x86_64 3.0.1 23.00 120.00 143.00 NOTE
r-oldrel-macos-x86_64 3.0.1 NOTE
r-oldrel-windows-ix86+x86_64 3.0.1 33.00 122.00 155.00 NOTE

Check Details

Version: 3.0.1
Check: package dependencies
Result: NOTE
    Package suggested but not available for checking: ‘cplexAPI’
Flavors: r-devel-linux-x86_64-fedora-clang, r-devel-linux-x86_64-fedora-gcc, r-devel-windows-x86_64, r-devel-windows-x86_64-gcc10-UCRT, r-patched-solaris-x86, r-release-macos-arm64, r-release-macos-x86_64, r-release-windows-ix86+x86_64, r-oldrel-macos-x86_64, r-oldrel-windows-ix86+x86_64

Version: 3.0.1
Check: installed package size
Result: NOTE
     installed size is 5.2Mb
     sub-directories of 1Mb or more:
     extdata 4.2Mb
Flavors: r-devel-linux-x86_64-fedora-clang, r-devel-windows-x86_64, r-patched-solaris-x86, r-release-macos-arm64, r-release-macos-x86_64, r-release-windows-ix86+x86_64, r-oldrel-macos-x86_64, r-oldrel-windows-ix86+x86_64

Version: 3.0.1
Check: data for non-ASCII characters
Result: NOTE
     Note: found 1 marked UTF-8 string
Flavors: r-devel-linux-x86_64-fedora-clang, r-devel-linux-x86_64-fedora-gcc, r-devel-windows-x86_64-gcc10-UCRT, r-patched-solaris-x86, r-release-macos-arm64, r-release-macos-x86_64, r-oldrel-macos-x86_64