Last updated on 2022-05-23 05:52:53 CEST.
Flavor | Version | Tinstall | Tcheck | Ttotal | Status | Flags |
---|---|---|---|---|---|---|
r-devel-linux-x86_64-debian-clang | 0.6-2 | 23.89 | 599.90 | 623.79 | NOTE | |
r-devel-linux-x86_64-debian-gcc | 0.6-2 | 19.31 | 400.64 | 419.95 | NOTE | |
r-devel-linux-x86_64-fedora-clang | 0.6-2 | 682.03 | NOTE | |||
r-devel-linux-x86_64-fedora-gcc | 0.6-2 | 669.62 | NOTE | |||
r-devel-windows-x86_64 | 0.6-2 | 56.00 | 114.00 | 170.00 | NOTE | --no-examples --no-tests --no-vignettes |
r-patched-linux-x86_64 | 0.6-2 | 21.84 | 543.93 | 565.77 | OK | |
r-release-linux-x86_64 | 0.6-2 | OK | ||||
r-release-macos-arm64 | 0.6-2 | 139.00 | OK | |||
r-release-macos-x86_64 | 0.6-2 | 268.00 | OK | |||
r-release-windows-x86_64 | 0.6-2 | 49.00 | 113.00 | 162.00 | OK | --no-examples --no-tests --no-vignettes |
r-oldrel-macos-arm64 | 0.6-2 | 171.00 | OK | |||
r-oldrel-macos-x86_64 | 0.6-2 | 308.00 | OK | |||
r-oldrel-windows-ix86+x86_64 | 0.6-2 | 53.00 | 128.00 | 181.00 | OK | --no-examples --no-tests --no-vignettes |
Version: 0.6-2
Check: Rd files
Result: NOTE
checkRd: (7) dist_SDA.rd:23: \item in \value must have non-empty label
checkRd: (7) kernel.SDA.rd:23: \item in \value must have non-empty label
checkRd: (7) plot3dInterval.rd:11: \item in \value must have non-empty label
Flavors: r-devel-linux-x86_64-debian-clang, r-devel-linux-x86_64-debian-gcc, r-devel-linux-x86_64-fedora-clang, r-devel-linux-x86_64-fedora-gcc
Version: 0.6-2
Check: HTML version of manual
Result: NOTE
Found the following problems:
dist_SDA.rd:106:38: Warning: trimming empty <code>
kernel.SDA.rd:69:38: Warning: trimming empty <code>
plot3dInterval.rd:48:38: Warning: trimming empty <code>
Flavors: r-devel-linux-x86_64-debian-clang, r-devel-linux-x86_64-debian-gcc
Version: 0.6-2
Flags: --no-examples --no-tests --no-vignettes
Check: Rd files
Result: NOTE
checkRd: (7) dist_SDA.rd:23: \item in \value must have non-empty label
checkRd: (7) kernel.SDA.rd:23: \item in \value must have non-empty label
checkRd: (7) plot3dInterval.rd:11: \item in \value must have non-empty label
Flavor: r-devel-windows-x86_64